Last updated on 2023-01-29 03:55:10 CET.
Flavor | Version | Tinstall | Tcheck | Ttotal | Status | Flags |
---|---|---|---|---|---|---|
r-devel-linux-x86_64-debian-clang | 1.0.2 | 4.70 | 54.35 | 59.05 | OK | |
r-devel-linux-x86_64-debian-gcc | 1.0.2 | 4.21 | 42.31 | 46.52 | OK | |
r-devel-linux-x86_64-fedora-clang | 1.0.2 | 74.16 | OK | |||
r-devel-linux-x86_64-fedora-gcc | 1.0.2 | 84.77 | OK | |||
r-devel-windows-x86_64 | 1.0.2 | 14.00 | 94.00 | 108.00 | OK | |
r-patched-linux-x86_64 | 1.0.2 | 4.91 | 51.28 | 56.19 | OK | |
r-release-linux-x86_64 | 1.0.2 | 5.39 | 52.65 | 58.04 | OK | |
r-release-macos-arm64 | 1.0.2 | 33.00 | OK | |||
r-release-macos-x86_64 | 1.0.2 | 38.00 | OK | |||
r-release-windows-x86_64 | 1.0.2 | 17.00 | 84.00 | 101.00 | OK | |
r-oldrel-macos-arm64 | 1.0.2 | 35.00 | OK | |||
r-oldrel-macos-x86_64 | 1.0.2 | 41.00 | OK | |||
r-oldrel-windows-ix86+x86_64 | 1.0.2 | 13.00 | 79.00 | 92.00 | ERROR |
Version: 1.0.2
Check: PDF version of manual
Result: WARN
LaTeX errors when creating PDF version.
This typically indicates Rd problems.
LaTeX errors found:
! Package inputenc Error: Unicode char â<c2><80><c2><90> (U+2010)
(inputenc) not set up for use with LaTeX.
See the inputenc package documentation for explanation.
Type H <return> for immediate help.
! Package inputenc Error: Unicode char â<c2><80><c2><90> (U+2010)
(inputenc) not set up for use with LaTeX.
See the inputenc package documentation for explanation.
Type H <return> for immediate help.
Flavor: r-oldrel-windows-ix86+x86_64
Version: 1.0.2
Check: PDF version of manual without hyperrefs or index
Result: ERROR
Flavor: r-oldrel-windows-ix86+x86_64