Last updated on 2023-03-23 19:50:11 CET.
Flavor | Version | Tinstall | Tcheck | Ttotal | Status | Flags |
---|---|---|---|---|---|---|
r-devel-linux-x86_64-debian-clang | 1.0.0 | 20.71 | 175.18 | 195.89 | OK | |
r-devel-linux-x86_64-debian-gcc | 1.0.0 | 16.77 | 130.15 | 146.92 | OK | |
r-devel-linux-x86_64-fedora-clang | 1.0.0 | 249.82 | OK | |||
r-devel-linux-x86_64-fedora-gcc | 1.0.0 | 236.94 | OK | |||
r-devel-windows-x86_64 | 1.0.0 | 26.00 | 191.00 | 217.00 | OK | |
r-patched-linux-x86_64 | 1.0.0 | 19.03 | 161.56 | 180.59 | OK | |
r-release-linux-x86_64 | 1.0.0 | 16.10 | 162.24 | 178.34 | OK | |
r-release-macos-arm64 | 1.0.0 | 63.00 | OK | |||
r-release-macos-x86_64 | 1.0.0 | 89.00 | OK | |||
r-release-windows-x86_64 | 1.0.0 | 35.00 | 191.00 | 226.00 | OK | |
r-oldrel-macos-arm64 | 1.0.0 | 66.00 | OK | |||
r-oldrel-macos-x86_64 | 1.0.0 | 90.00 | OK | |||
r-oldrel-windows-ix86+x86_64 | 1.0.0 | 46.00 | 182.00 | 228.00 | NOTE |
Version: 1.0.0
Check: R code for possible problems
Result: NOTE
Initiating curl with CURL_SSL_BACKEND: openssl
Flavor: r-oldrel-windows-ix86+x86_64