CRAN Package Check Results for Package codebookr

Last updated on 2023-03-27 23:55:37 CEST.

Flavor Version Tinstall Tcheck Ttotal Status Flags
r-devel-linux-x86_64-debian-clang 0.1.6 5.88 58.23 64.11 OK
r-devel-linux-x86_64-debian-gcc 0.1.6 4.95 44.59 49.54 OK
r-devel-linux-x86_64-fedora-clang 0.1.6 83.79 OK
r-devel-linux-x86_64-fedora-gcc 0.1.6 78.26 OK
r-devel-windows-x86_64 0.1.6 27.00 93.00 120.00 OK
r-patched-linux-x86_64 0.1.6 4.29 54.34 58.63 OK
r-release-linux-x86_64 0.1.6 3.83 56.54 60.37 OK
r-release-macos-arm64 0.1.6 23.00 OK
r-release-macos-x86_64 0.1.6 40.00 OK
r-release-windows-x86_64 0.1.6 26.00 88.00 114.00 OK
r-oldrel-macos-arm64 0.1.6 28.00 OK
r-oldrel-macos-x86_64 0.1.6 41.00 OK
r-oldrel-windows-ix86+x86_64 0.1.6 15.00 87.00 102.00 NOTE

Check Details

Version: 0.1.6
Check: dependencies in R code
Result: NOTE
    Initiating curl with CURL_SSL_BACKEND: openssl
Flavor: r-oldrel-windows-ix86+x86_64