CRAN Package Check Results for Package coda.base

Last updated on 2021-12-04 15:51:11 CET.

Flavor Version Tinstall Tcheck Ttotal Status Flags
r-devel-linux-x86_64-debian-clang 0.3.1 50.72 43.65 94.37 OK
r-devel-linux-x86_64-debian-gcc 0.3.1 38.94 34.46 73.40 OK
r-devel-linux-x86_64-fedora-clang 0.3.1 141.49 NOTE
r-devel-linux-x86_64-fedora-gcc 0.3.1 121.37 NOTE
r-devel-windows-x86_64-new-UL 0.3.1 73.00 108.00 181.00 OK
r-devel-windows-x86_64-new-TK 0.3.1 NOTE
r-devel-windows-x86_64-old 0.3.1 67.00 52.00 119.00 OK
r-patched-linux-x86_64 0.3.1 42.55 34.23 76.78 OK
r-release-linux-x86_64 0.3.1 46.39 33.70 80.09 OK
r-release-macos-arm64 0.3.1 NOTE
r-release-macos-x86_64 0.3.1 NOTE
r-release-windows-ix86+x86_64 0.3.1 129.00 78.00 207.00 OK
r-oldrel-macos-x86_64 0.3.1 NOTE
r-oldrel-windows-ix86+x86_64 0.3.1 128.00 83.00 211.00 OK

Check Details

Version: 0.3.1
Check: data for non-ASCII characters
Result: NOTE
     Note: found 19 marked UTF-8 strings
Flavors: r-devel-linux-x86_64-fedora-clang, r-devel-linux-x86_64-fedora-gcc, r-devel-windows-x86_64-new-TK, r-release-macos-arm64, r-release-macos-x86_64, r-oldrel-macos-x86_64