CRAN Package Check Results for Package cobiclust

Last updated on 2022-05-28 23:55:00 CEST.

Flavor Version Tinstall Tcheck Ttotal Status Flags
r-devel-linux-x86_64-debian-clang 0.1.0 3.15 34.17 37.32 NOTE
r-devel-linux-x86_64-debian-gcc 0.1.0 2.00 26.61 28.61 NOTE
r-devel-linux-x86_64-fedora-clang 0.1.0 45.15 NOTE
r-devel-linux-x86_64-fedora-gcc 0.1.0 45.05 NOTE
r-devel-windows-x86_64 0.1.0 24.00 53.00 77.00 NOTE
r-patched-linux-x86_64 0.1.0 2.89 33.18 36.07 NOTE
r-release-linux-x86_64 0.1.0 2.25 32.75 35.00 NOTE
r-release-macos-arm64 0.1.0 17.00 NOTE
r-release-macos-x86_64 0.1.0 23.00 NOTE
r-release-windows-x86_64 0.1.0 16.00 54.00 70.00 NOTE
r-oldrel-macos-arm64 0.1.0 21.00 NOTE
r-oldrel-macos-x86_64 0.1.0 27.00 NOTE
r-oldrel-windows-ix86+x86_64 0.1.0 6.00 42.00 48.00 NOTE

Check Details

Version: 0.1.0
Check: LazyData
Result: NOTE
     'LazyData' is specified without a 'data' directory
Flavors: r-devel-linux-x86_64-debian-clang, r-devel-linux-x86_64-debian-gcc, r-devel-linux-x86_64-fedora-clang, r-devel-linux-x86_64-fedora-gcc, r-devel-windows-x86_64, r-patched-linux-x86_64, r-release-linux-x86_64, r-release-macos-arm64, r-release-macos-x86_64, r-release-windows-x86_64, r-oldrel-macos-arm64, r-oldrel-macos-x86_64, r-oldrel-windows-ix86+x86_64