CRAN Package Check Results for Package coala

Last updated on 2021-06-21 11:52:00 CEST.

Flavor Version Tinstall Tcheck Ttotal Status Flags
r-devel-linux-x86_64-debian-clang 0.6.0 177.04 116.63 293.67 OK
r-devel-linux-x86_64-debian-gcc 0.6.0 125.06 90.28 215.34 OK
r-devel-linux-x86_64-fedora-clang 0.6.0 404.66 NOTE
r-devel-linux-x86_64-fedora-gcc 0.6.0 381.08 OK
r-devel-windows-x86_64 0.6.0 215.00 151.00 366.00 OK
r-devel-windows-x86_64-gcc10-UCRT 0.6.0 OK
r-patched-linux-x86_64 0.6.0 152.25 115.77 268.02 OK
r-patched-solaris-x86 0.6.0 415.50 OK
r-release-linux-x86_64 0.6.0 151.81 113.11 264.92 OK
r-release-macos-arm64 0.6.0 NOTE
r-release-macos-x86_64 0.6.0 NOTE
r-release-windows-ix86+x86_64 0.6.0 377.00 192.00 569.00 OK
r-oldrel-macos-x86_64 0.6.0 NOTE

Check Details

Version: 0.6.0
Check: installed package size
Result: NOTE
     installed size is 6.1Mb
     sub-directories of 1Mb or more:
     R 1.4Mb
     libs 4.2Mb
Flavors: r-devel-linux-x86_64-fedora-clang, r-release-macos-arm64, r-release-macos-x86_64, r-oldrel-macos-x86_64