CRAN Package Check Results for Package coRanking

Last updated on 2024-06-13 12:49:29 CEST.

Flavor Version Tinstall Tcheck Ttotal Status Flags
r-devel-linux-x86_64-debian-clang 0.2.4 4.84 54.80 59.64 OK
r-devel-linux-x86_64-debian-gcc 0.2.4 4.05 40.21 44.26 ERROR
r-devel-linux-x86_64-fedora-clang 0.2.4 79.33 OK
r-devel-linux-x86_64-fedora-gcc 0.2.4 88.30 OK
r-devel-windows-x86_64 0.2.4 7.00 70.00 77.00 OK
r-patched-linux-x86_64 0.2.4 5.31 52.91 58.22 OK
r-release-linux-x86_64 0.2.4 5.60 50.88 56.48 OK
r-release-macos-arm64 0.2.4 29.00 OK
r-release-macos-x86_64 0.2.4 54.00 OK
r-release-windows-x86_64 0.2.4 7.00 75.00 82.00 OK
r-oldrel-macos-arm64 0.2.4 33.00 OK
r-oldrel-macos-x86_64 0.2.4 51.00 OK
r-oldrel-windows-x86_64 0.2.4 8.00 88.00 96.00 OK

Additional issues

noRemap

Check Details

Version: 0.2.4
Check: package dependencies
Result: NOTE Package suggested but not available for checking: ‘testthat’ Flavor: r-devel-linux-x86_64-debian-gcc

Version: 0.2.4
Check: tests
Result: ERROR Running ‘testthat.R’ [0s/0s] Running the tests in ‘tests/testthat.R’ failed. Complete output: > library(testthat) Error in library(testthat) : there is no package called 'testthat' Execution halted Flavor: r-devel-linux-x86_64-debian-gcc