CRAN Package Check Results for Package cmtest

Last updated on 2022-08-10 03:53:10 CEST.

Flavor Version Tinstall Tcheck Ttotal Status Flags
r-devel-linux-x86_64-debian-clang 0.1-2 2.67 32.45 35.12 NOTE
r-devel-linux-x86_64-debian-gcc 0.1-2 2.15 25.35 27.50 NOTE
r-devel-linux-x86_64-fedora-clang 0.1-2 56.00 NOTE
r-devel-linux-x86_64-fedora-gcc 0.1-2 52.94 NOTE
r-devel-windows-x86_64 0.1-2 8.00 187.00 195.00 OK
r-patched-linux-x86_64 0.1-2 2.05 32.19 34.24 NOTE
r-release-linux-x86_64 0.1-2 NOTE
r-release-macos-arm64 0.1-2 18.00 OK
r-release-macos-x86_64 0.1-2 29.00 OK
r-release-windows-x86_64 0.1-2 8.00 108.00 116.00 OK
r-oldrel-macos-arm64 0.1-2 16.00 OK
r-oldrel-macos-x86_64 0.1-2 24.00 OK
r-oldrel-windows-ix86+x86_64 0.1-2 6.00 56.00 62.00 OK

Check Details

Version: 0.1-2
Check: package dependencies
Result: NOTE
    Package suggested but not available for checking: 'tobit1'
Flavors: r-devel-linux-x86_64-debian-clang, r-devel-linux-x86_64-debian-gcc, r-devel-linux-x86_64-fedora-clang, r-devel-linux-x86_64-fedora-gcc, r-patched-linux-x86_64, r-release-linux-x86_64