Last updated on 2021-04-18 03:46:44 CEST.
Flavor | Version | Tinstall | Tcheck | Ttotal | Status | Flags |
---|---|---|---|---|---|---|
r-devel-linux-x86_64-debian-clang | 2.2-10 | 8.31 | 65.13 | 73.44 | OK | |
r-devel-linux-x86_64-debian-gcc | 2.2-10 | 7.76 | 50.45 | 58.21 | OK | |
r-devel-linux-x86_64-fedora-clang | 2.2-10 | 99.45 | NOTE | |||
r-devel-linux-x86_64-fedora-gcc | 2.2-10 | 89.29 | NOTE | |||
r-devel-windows-ix86+x86_64 | 2.2-10 | 24.00 | 110.00 | 134.00 | OK | |
r-devel-windows-x86_64-gcc10-UCRT | 2.2-10 | OK | ||||
r-patched-linux-x86_64 | 2.2-10 | 9.54 | 60.12 | 69.66 | OK | |
r-patched-solaris-x86 | 2.2-10 | 132.30 | OK | |||
r-release-linux-x86_64 | 2.2-10 | 8.45 | 60.06 | 68.51 | OK | |
r-release-macos-x86_64 | 2.2-10 | OK | ||||
r-release-windows-ix86+x86_64 | 2.2-10 | 21.00 | 5.00 | 26.00 | ERROR | |
r-oldrel-macos-x86_64 | 2.2-10 | OK | ||||
r-oldrel-windows-ix86+x86_64 | 2.2-10 | 15.00 | 103.00 | 118.00 | OK |
Version: 2.2-10
Check: compiled code
Result: NOTE
File ‘cmprsk/libs/cmprsk.so’:
Found no calls to: ‘R_registerRoutines’, ‘R_useDynamicSymbols’
It is good practice to register native routines and to disable symbol
search.
See ‘Writing portable packages’ in the ‘Writing R Extensions’ manual.
Flavors: r-devel-linux-x86_64-fedora-clang, r-devel-linux-x86_64-fedora-gcc
Version: 2.2-10
Check: whether package can be installed
Result: ERROR
Installation failed.
Flavor: r-release-windows-ix86+x86_64