CRAN Package Check Results for Package clustermole

Last updated on 2022-01-21 19:48:30 CET.

Flavor Version Tinstall Tcheck Ttotal Status Flags
r-devel-linux-x86_64-debian-clang 1.1.0 56.62 492.38 549.00 NOTE
r-devel-linux-x86_64-debian-gcc 1.1.0 48.97 378.63 427.60 NOTE
r-devel-linux-x86_64-fedora-clang 1.1.0 695.50 NOTE
r-devel-linux-x86_64-fedora-gcc 1.1.0 690.66 NOTE
r-devel-windows-x86_64-new-UL 1.1.0 68.00 692.00 760.00 NOTE
r-devel-windows-x86_64-new-TK 1.1.0 NOTE
r-patched-linux-x86_64 1.1.0 55.81 479.47 535.28 NOTE
r-release-linux-x86_64 1.1.0 45.39 630.84 676.23 NOTE
r-release-macos-arm64 1.1.0 NOTE
r-release-macos-x86_64 1.1.0 NOTE
r-release-windows-ix86+x86_64 1.1.0 128.00 712.00 840.00 NOTE
r-oldrel-macos-x86_64 1.1.0 OK
r-oldrel-windows-ix86+x86_64 1.1.0 105.00 611.00 716.00 OK

Check Details

Version: 1.1.0
Check: LazyData
Result: NOTE
     'LazyData' is specified without a 'data' directory
Flavors: r-devel-linux-x86_64-debian-clang, r-devel-linux-x86_64-debian-gcc, r-devel-linux-x86_64-fedora-clang, r-devel-linux-x86_64-fedora-gcc, r-devel-windows-x86_64-new-UL, r-devel-windows-x86_64-new-TK, r-patched-linux-x86_64, r-release-linux-x86_64, r-release-macos-arm64, r-release-macos-x86_64, r-release-windows-ix86+x86_64