Last updated on 2021-04-12 03:48:35 CEST.
Flavor | Version | Tinstall | Tcheck | Ttotal | Status | Flags |
---|---|---|---|---|---|---|
r-devel-linux-x86_64-debian-clang | 1.2.8 | 6.28 | 33.60 | 39.88 | OK | |
r-devel-linux-x86_64-debian-gcc | 1.2.8 | 4.82 | 26.62 | 31.44 | OK | |
r-devel-linux-x86_64-fedora-clang | 1.2.8 | 59.75 | NOTE | |||
r-devel-linux-x86_64-fedora-gcc | 1.2.8 | 41.44 | NOTE | |||
r-devel-windows-ix86+x86_64 | 1.2.8 | 17.00 | 54.00 | 71.00 | OK | |
r-devel-windows-x86_64-gcc10-UCRT | 1.2.8 | OK | ||||
r-patched-linux-x86_64 | 1.2.8 | 5.73 | 32.72 | 38.45 | OK | |
r-patched-solaris-x86 | 1.2.8 | 65.30 | OK | |||
r-release-linux-x86_64 | 1.2.8 | 6.18 | 32.76 | 38.94 | OK | |
r-release-macos-x86_64 | 1.2.8 | OK | ||||
r-release-windows-ix86+x86_64 | 1.2.8 | 15.00 | 59.00 | 74.00 | OK | |
r-oldrel-macos-x86_64 | 1.2.8 | OK | ||||
r-oldrel-windows-ix86+x86_64 | 1.2.8 | 14.00 | 42.00 | 56.00 | OK |
Version: 1.2.8
Check: top-level files
Result: NOTE
possible bashism in cleanup line 15 (brace expansion):
rm -f src/*.{o,so,mod}
possible bashism in cleanup line 17 (brace expansion):
rm -f config.{log,status}
possible bashism in cleanup line 22 (brace expansion):
rm -f vignettes/*.{tex,aux,bbl,blg,log,toc,idx,ind,ilg,out,synctex.gz}
Flavors: r-devel-linux-x86_64-fedora-clang, r-devel-linux-x86_64-fedora-gcc