CRAN Package Check Results for Package clogitboost

Last updated on 2021-06-12 23:49:03 CEST.

Flavor Version Tinstall Tcheck Ttotal Status Flags
r-devel-linux-x86_64-debian-clang 1.1 18.83 44.79 63.62 OK
r-devel-linux-x86_64-debian-gcc 1.1 11.86 32.88 44.74 OK
r-devel-linux-x86_64-fedora-clang 1.1 87.83 NOTE
r-devel-linux-x86_64-fedora-gcc 1.1 72.84 NOTE
r-devel-windows-x86_64 1.1 22.00 73.00 95.00 OK
r-devel-windows-x86_64-gcc10-UCRT 1.1 OK
r-patched-linux-x86_64 1.1 12.82 42.04 54.86 OK
r-patched-solaris-x86 1.1 98.80 OK
r-release-linux-x86_64 1.1 14.32 42.52 56.84 OK
r-release-macos-arm64 1.1 OK
r-release-macos-x86_64 1.1 OK
r-release-windows-ix86+x86_64 1.1 35.00 119.00 154.00 OK
r-oldrel-macos-x86_64 1.1 OK
r-oldrel-windows-ix86+x86_64 1.1 34.00 118.00 152.00 OK

Check Details

Version: 1.1
Check: compiled code
Result: NOTE
    File ‘clogitboost/libs/clogitboost.so’:
     Found no calls to: ‘R_registerRoutines’, ‘R_useDynamicSymbols’
    
    It is good practice to register native routines and to disable symbol
    search.
    
    See ‘Writing portable packages’ in the ‘Writing R Extensions’ manual.
Flavors: r-devel-linux-x86_64-fedora-clang, r-devel-linux-x86_64-fedora-gcc