CRAN Package Check Results for Package clogitL1

Last updated on 2021-06-12 23:49:03 CEST.

Flavor Version Tinstall Tcheck Ttotal Status Flags
r-devel-linux-x86_64-debian-clang 1.5 28.45 29.27 57.72 OK
r-devel-linux-x86_64-debian-gcc 1.5 19.25 23.07 42.32 OK
r-devel-linux-x86_64-fedora-clang 1.5 89.10 NOTE
r-devel-linux-x86_64-fedora-gcc 1.5 71.83 NOTE
r-devel-windows-x86_64 1.5 38.00 53.00 91.00 OK
r-devel-windows-x86_64-gcc10-UCRT 1.5 OK
r-patched-linux-x86_64 1.5 23.91 28.31 52.22 OK
r-patched-solaris-x86 1.5 86.60 OK
r-release-linux-x86_64 1.5 22.77 28.90 51.67 OK
r-release-macos-arm64 1.5 OK
r-release-macos-x86_64 1.5 OK
r-release-windows-ix86+x86_64 1.5 61.00 77.00 138.00 OK
r-oldrel-macos-x86_64 1.5 OK
r-oldrel-windows-ix86+x86_64 1.5 55.00 78.00 133.00 OK

Check Details

Version: 1.5
Check: compiled code
Result: NOTE
    File ‘clogitL1/libs/clogitL1.so’:
     Found no calls to: ‘R_registerRoutines’, ‘R_useDynamicSymbols’
    
    It is good practice to register native routines and to disable symbol
    search.
    
    See ‘Writing portable packages’ in the ‘Writing R Extensions’ manual.
Flavors: r-devel-linux-x86_64-fedora-clang, r-devel-linux-x86_64-fedora-gcc