CRAN Package Check Results for Package clipr

Last updated on 2021-04-14 19:47:01 CEST.

Flavor Version Tinstall Tcheck Ttotal Status Flags
r-devel-linux-x86_64-debian-clang 0.7.1 2.03 24.28 26.31 NOTE
r-devel-linux-x86_64-debian-gcc 0.7.1 1.57 19.46 21.03 NOTE
r-devel-linux-x86_64-fedora-clang 0.7.1 42.81 NOTE
r-devel-linux-x86_64-fedora-gcc 0.7.1 32.77 NOTE
r-devel-windows-ix86+x86_64 0.7.1 6.00 40.00 46.00 NOTE
r-devel-windows-x86_64-gcc10-UCRT 0.7.1 NOTE
r-patched-linux-x86_64 0.7.1 1.94 24.03 25.97 OK
r-patched-solaris-x86 0.7.1 49.70 OK
r-release-linux-x86_64 0.7.1 1.91 24.03 25.94 OK
r-release-macos-x86_64 0.7.1 OK
r-release-windows-ix86+x86_64 0.7.1 5.00 35.00 40.00 OK
r-oldrel-macos-x86_64 0.7.1 OK
r-oldrel-windows-ix86+x86_64 0.7.1 4.00 29.00 33.00 OK

Check Details

Version: 0.7.1
Check: LazyData
Result: NOTE
     'LazyData' is specified without a 'data' directory
Flavors: r-devel-linux-x86_64-debian-clang, r-devel-linux-x86_64-debian-gcc, r-devel-linux-x86_64-fedora-clang, r-devel-linux-x86_64-fedora-gcc, r-devel-windows-ix86+x86_64, r-devel-windows-x86_64-gcc10-UCRT