CRAN Package Check Results for Package clinsig

Last updated on 2021-09-21 15:50:42 CEST.

Flavor Version Tinstall Tcheck Ttotal Status Flags
r-devel-linux-x86_64-debian-clang 1.2 2.05 22.92 24.97 OK
r-devel-linux-x86_64-debian-gcc 1.2 1.85 18.09 19.94 OK
r-devel-linux-x86_64-fedora-clang 1.2 39.59 OK
r-devel-linux-x86_64-fedora-gcc 1.2 28.67 OK
r-devel-windows-x86_64 1.2 3.00 27.00 30.00 OK
r-devel-windows-x86_64-gcc10-UCRT 1.2 ERROR
r-patched-linux-x86_64 1.2 2.59 22.17 24.76 OK
r-patched-solaris-x86 1.2 46.90 OK
r-release-linux-x86_64 1.2 1.95 22.21 24.16 OK
r-release-macos-arm64 1.2 OK
r-release-macos-x86_64 1.2 OK
r-release-windows-ix86+x86_64 1.2 5.00 29.00 34.00 OK
r-oldrel-macos-x86_64 1.2 OK
r-oldrel-windows-ix86+x86_64 1.2 5.00 28.00 33.00 OK

Check Details

Version: 1.2
Check: whether package can be installed
Result: WARN
    Found the following significant warnings:
     WARNING: installation-time patches will not be applied, could not get the patches index
Flavor: r-devel-windows-x86_64-gcc10-UCRT

Version: 1.2
Check: PDF version of manual
Result: WARN
    LaTeX errors when creating PDF version.
    This typically indicates Rd problems.
Flavor: r-devel-windows-x86_64-gcc10-UCRT

Version: 1.2
Check: PDF version of manual without hyperrefs or index
Result: ERROR
    Re-running with no redirection of stdout/stderr.
Flavor: r-devel-windows-x86_64-gcc10-UCRT