CRAN Package Check Results for Package clinUtils

Last updated on 2021-12-08 03:58:15 CET.

Flavor Version Tinstall Tcheck Ttotal Status Flags
r-devel-linux-x86_64-debian-clang 0.1.0 7.22 106.96 114.18 OK
r-devel-linux-x86_64-debian-gcc 0.1.0 4.22 79.31 83.53 OK
r-devel-linux-x86_64-fedora-clang 0.1.0 135.79 NOTE
r-devel-linux-x86_64-fedora-gcc 0.1.0 123.41 OK
r-devel-windows-x86_64-new-UL 0.1.0 23.00 176.00 199.00 NOTE
r-devel-windows-x86_64-new-TK 0.1.0 OK
r-devel-windows-x86_64-old 0.1.0 12.00 195.00 207.00 NOTE
r-patched-linux-x86_64 0.1.0 10.33 99.42 109.75 OK
r-release-linux-x86_64 0.1.0 4.62 97.95 102.57 OK
r-release-macos-arm64 0.1.0 NOTE
r-release-macos-x86_64 0.1.0 NOTE
r-release-windows-ix86+x86_64 0.1.0 12.00 181.00 193.00 NOTE
r-oldrel-macos-x86_64 0.1.0 NOTE
r-oldrel-windows-ix86+x86_64 0.1.0 16.00 196.00 212.00 NOTE

Check Details

Version: 0.1.0
Check: installed package size
Result: NOTE
     installed size is 6.4Mb
     sub-directories of 1Mb or more:
     doc 5.3Mb
Flavors: r-devel-linux-x86_64-fedora-clang, r-devel-windows-x86_64-new-UL, r-devel-windows-x86_64-old, r-release-macos-arm64, r-release-macos-x86_64, r-release-windows-ix86+x86_64, r-oldrel-macos-x86_64, r-oldrel-windows-ix86+x86_64