CRAN Package Check Results for Package clinDataReview

Last updated on 2024-06-14 20:49:39 CEST.

Flavor Version Tinstall Tcheck Ttotal Status Flags
r-devel-linux-x86_64-debian-clang 1.5.2 17.14 209.35 226.49 OK
r-devel-linux-x86_64-debian-gcc 1.5.2 11.02 148.06 159.08 OK
r-devel-linux-x86_64-fedora-clang 1.6.0 307.69 NOTE
r-devel-linux-x86_64-fedora-gcc 1.6.0 295.60 OK
r-devel-windows-x86_64 1.5.2 14.00 172.00 186.00 NOTE
r-patched-linux-x86_64 1.5.2 10.62 199.43 210.05 OK
r-release-linux-x86_64 1.5.2 9.71 200.49 210.20 OK
r-release-macos-arm64 1.6.0 83.00 NOTE
r-release-macos-x86_64 1.6.0 210.00 NOTE
r-release-windows-x86_64 1.6.0 18.00 181.00 199.00 NOTE
r-oldrel-macos-arm64 1.6.0 82.00 NOTE
r-oldrel-macos-x86_64 1.6.0 164.00 NOTE
r-oldrel-windows-x86_64 1.5.2 17.00 214.00 231.00 NOTE

Check Details

Version: 1.6.0
Check: installed package size
Result: NOTE installed size is 5.7Mb sub-directories of 1Mb or more: doc 4.3Mb Flavors: r-devel-linux-x86_64-fedora-clang, r-release-macos-arm64, r-release-macos-x86_64, r-release-windows-x86_64, r-oldrel-macos-arm64, r-oldrel-macos-x86_64

Version: 1.5.2
Check: installed package size
Result: NOTE installed size is 5.6Mb sub-directories of 1Mb or more: doc 4.3Mb Flavors: r-devel-windows-x86_64, r-oldrel-windows-x86_64