CRAN Package Check Results for Package climateStability

Last updated on 2021-06-15 23:51:11 CEST.

Flavor Version Tinstall Tcheck Ttotal Status Flags
r-devel-linux-x86_64-debian-clang 0.1.3 9.42 100.25 109.67 OK
r-devel-linux-x86_64-debian-gcc 0.1.3 6.61 76.93 83.54 OK
r-devel-linux-x86_64-fedora-clang 0.1.3 133.88 OK
r-devel-linux-x86_64-fedora-gcc 0.1.3 125.89 OK
r-devel-windows-x86_64 0.1.3 13.00 121.00 134.00 OK
r-devel-windows-x86_64-gcc10-UCRT 0.1.3 OK
r-patched-linux-x86_64 0.1.3 9.42 95.69 105.11 OK
r-patched-solaris-x86 0.1.3 186.10 OK
r-release-linux-x86_64 0.1.3 7.64 95.64 103.28 OK
r-release-macos-arm64 0.1.3 NOTE
r-release-macos-x86_64 0.1.3 OK
r-release-windows-ix86+x86_64 0.1.3 18.00 118.00 136.00 OK
r-oldrel-macos-x86_64 0.1.3 OK
r-oldrel-windows-ix86+x86_64 0.1.3 15.00 124.00 139.00 OK

Check Details

Version: 0.1.3
Check: package dependencies
Result: NOTE
    Package suggested but not available for checking: ‘rangeBuilder’
Flavor: r-release-macos-arm64