Last updated on 2023-03-21 11:53:44 CET.
Flavor | Version | Tinstall | Tcheck | Ttotal | Status | Flags |
---|---|---|---|---|---|---|
r-devel-linux-x86_64-debian-clang | 0.5.2 | 4.96 | 53.56 | 58.52 | OK | |
r-devel-linux-x86_64-debian-gcc | 0.5.2 | 4.17 | 40.62 | 44.79 | OK | |
r-devel-linux-x86_64-fedora-clang | 0.5.2 | 75.54 | NOTE | |||
r-devel-linux-x86_64-fedora-gcc | 0.5.2 | 81.06 | NOTE | |||
r-devel-windows-x86_64 | 0.5.2 | 21.00 | 106.00 | 127.00 | OK | |
r-patched-linux-x86_64 | 0.5.2 | 5.02 | 53.91 | 58.93 | OK | |
r-release-linux-x86_64 | 0.5.2 | 3.93 | 53.94 | 57.87 | OK | |
r-release-macos-arm64 | 0.5.2 | 54.00 | OK | |||
r-release-macos-x86_64 | 0.5.2 | 67.00 | OK | |||
r-release-windows-x86_64 | 0.5.2 | 31.00 | 111.00 | 142.00 | OK | |
r-oldrel-macos-arm64 | 0.5.2 | 58.00 | OK | |||
r-oldrel-macos-x86_64 | 0.5.2 | 70.00 | OK | |||
r-oldrel-windows-ix86+x86_64 | 0.5.2 | 12.00 | 95.00 | 107.00 | NOTE |
Version: 0.5.2
Check: data for non-ASCII characters
Result: NOTE
Note: found 10332 marked UTF-8 strings
Flavors: r-devel-linux-x86_64-fedora-clang, r-devel-linux-x86_64-fedora-gcc
Version: 0.5.2
Check: dependencies in R code
Result: NOTE
Initiating curl with CURL_SSL_BACKEND: openssl
Flavor: r-oldrel-windows-ix86+x86_64