CRAN Package Check Results for Package clhs

Last updated on 2022-05-19 15:53:14 CEST.

Flavor Version Tinstall Tcheck Ttotal Status Flags
r-devel-linux-x86_64-debian-clang 0.9.0 71.49 427.72 499.21 OK
r-devel-linux-x86_64-debian-gcc 0.9.0 51.57 310.98 362.55 OK
r-devel-linux-x86_64-fedora-clang 0.9.0 577.08 NOTE
r-devel-linux-x86_64-fedora-gcc 0.9.0 568.53 NOTE
r-devel-windows-x86_64 0.9.0 60.00 409.00 469.00 OK
r-patched-linux-x86_64 0.9.0 60.90 401.57 462.47 OK
r-release-linux-x86_64 0.9.0 61.02 395.40 456.42 OK
r-release-macos-arm64 0.9.0 128.00 NOTE
r-release-macos-x86_64 0.9.0 259.00 NOTE
r-release-windows-x86_64 0.9.0 58.00 418.00 476.00 OK
r-oldrel-macos-arm64 0.9.0 141.00 NOTE
r-oldrel-macos-x86_64 0.9.0 166.00 NOTE
r-oldrel-windows-ix86+x86_64 0.9.0 152.00 610.00 762.00 OK

Check Details

Version: 0.9.0
Check: dependencies in R code
Result: NOTE
    Namespace in Imports field not imported from: ‘sp’
     All declared Imports should be used.
Flavors: r-devel-linux-x86_64-fedora-clang, r-devel-linux-x86_64-fedora-gcc, r-release-macos-arm64, r-release-macos-x86_64, r-oldrel-macos-arm64, r-oldrel-macos-x86_64