CRAN Package Check Results for Package cld2

Last updated on 2021-06-13 19:49:29 CEST.

Flavor Version Tinstall Tcheck Ttotal Status Flags
r-devel-linux-x86_64-debian-clang 1.2.1 37.70 28.18 65.88 NOTE
r-devel-linux-x86_64-debian-gcc 1.2.1 24.21 22.31 46.52 NOTE
r-devel-linux-x86_64-fedora-clang 1.2.1 99.98 NOTE
r-devel-linux-x86_64-fedora-gcc 1.2.1 77.18 NOTE
r-devel-windows-x86_64 1.2.1 45.00 61.00 106.00 NOTE
r-devel-windows-x86_64-gcc10-UCRT 1.2.1 NOTE
r-patched-linux-x86_64 1.2.1 29.66 27.22 56.88 NOTE
r-patched-solaris-x86 1.2.1 92.20 NOTE
r-release-linux-x86_64 1.2.1 29.11 27.29 56.40 NOTE
r-release-macos-arm64 1.2.1 NOTE
r-release-macos-x86_64 1.2.1 NOTE
r-release-windows-ix86+x86_64 1.2.1 71.00 78.00 149.00 NOTE
r-oldrel-macos-x86_64 1.2.1 OK
r-oldrel-windows-ix86+x86_64 1.2.1 67.00 82.00 149.00 NOTE

Check Details

Version: 1.2.1
Check: LazyData
Result: NOTE
     'LazyData' is specified without a 'data' directory
Flavors: r-devel-linux-x86_64-debian-clang, r-devel-linux-x86_64-debian-gcc, r-devel-linux-x86_64-fedora-clang, r-devel-linux-x86_64-fedora-gcc, r-devel-windows-x86_64, r-devel-windows-x86_64-gcc10-UCRT, r-patched-linux-x86_64, r-patched-solaris-x86, r-release-linux-x86_64, r-release-macos-arm64, r-release-macos-x86_64, r-release-windows-ix86+x86_64

Version: 1.2.1
Check: installed package size
Result: NOTE
     installed size is 5.4Mb
     sub-directories of 1Mb or more:
     libs 5.4Mb
Flavors: r-release-windows-ix86+x86_64, r-oldrel-windows-ix86+x86_64