CRAN Package Check Results for Package clValid

Last updated on 2021-06-16 15:49:50 CEST.

Flavor Version Tinstall Tcheck Ttotal Status Flags
r-devel-linux-x86_64-debian-clang 0.7 5.26 132.55 137.81 OK
r-devel-linux-x86_64-debian-gcc 0.7 4.07 94.93 99.00 OK
r-devel-linux-x86_64-fedora-clang 0.7 164.85 OK
r-devel-linux-x86_64-fedora-gcc 0.7 156.00 OK
r-devel-windows-x86_64 0.7 10.00 165.00 175.00 OK
r-devel-windows-x86_64-gcc10-UCRT 0.7 NOTE
r-patched-linux-x86_64 0.7 4.79 122.84 127.63 OK
r-patched-solaris-x86 0.7 220.40 OK
r-release-linux-x86_64 0.7 4.46 123.24 127.70 OK
r-release-macos-arm64 0.7 NOTE
r-release-macos-x86_64 0.7 NOTE
r-release-windows-ix86+x86_64 0.7 12.00 157.00 169.00 OK
r-oldrel-macos-x86_64 0.7 NOTE
r-oldrel-windows-ix86+x86_64 0.7 9.00 161.00 170.00 OK

Check Details

Version: 0.7
Check: package dependencies
Result: NOTE
    Package suggested but not available for checking: 'moe430a.db'
Flavors: r-devel-windows-x86_64-gcc10-UCRT, r-oldrel-macos-x86_64

Version: 0.7
Check: package dependencies
Result: NOTE
    Packages suggested but not available for checking: 'GO.db', 'moe430a.db'
Flavors: r-release-macos-arm64, r-release-macos-x86_64