CRAN Package Check Results for Package clValid

Last updated on 2021-04-12 23:47:57 CEST.

Flavor Version Tinstall Tcheck Ttotal Status Flags
r-devel-linux-x86_64-debian-clang 0.7 4.49 126.19 130.68 OK
r-devel-linux-x86_64-debian-gcc 0.7 4.19 91.06 95.25 OK
r-devel-linux-x86_64-fedora-clang 0.7 162.17 OK
r-devel-linux-x86_64-fedora-gcc 0.7 153.74 OK
r-devel-windows-ix86+x86_64 0.7 13.00 159.00 172.00 OK
r-devel-windows-x86_64-gcc10-UCRT 0.7 NOTE
r-patched-linux-x86_64 0.7 4.63 117.03 121.66 OK
r-patched-solaris-x86 0.7 205.40 OK
r-release-linux-x86_64 0.7 3.90 114.37 118.27 OK
r-release-macos-x86_64 0.7 NOTE
r-release-windows-ix86+x86_64 0.7 10.00 150.00 160.00 OK
r-oldrel-macos-x86_64 0.7 NOTE
r-oldrel-windows-ix86+x86_64 0.7 9.00 108.00 117.00 OK

Check Details

Version: 0.7
Check: package dependencies
Result: NOTE
    Package suggested but not available for checking: 'moe430a.db'
Flavors: r-devel-windows-x86_64-gcc10-UCRT, r-release-macos-x86_64

Version: 0.7
Check: package dependencies
Result: NOTE
    Packages suggested but not available for checking: 'GO.db', 'moe430a.db'
Flavor: r-oldrel-macos-x86_64