Last updated on 2021-03-05 23:48:39 CET.
Flavor | Version | Tinstall | Tcheck | Ttotal | Status | Flags |
---|---|---|---|---|---|---|
r-devel-linux-x86_64-debian-clang | 2.1.0 | 18.30 | 141.32 | 159.62 | OK | |
r-devel-linux-x86_64-debian-gcc | 2.1.0 | 12.96 | 106.89 | 119.85 | OK | |
r-devel-linux-x86_64-fedora-clang | 2.1.0 | 203.53 | NOTE | |||
r-devel-linux-x86_64-fedora-gcc | 2.1.0 | 185.11 | NOTE | |||
r-devel-windows-ix86+x86_64 | 2.1.0 | 33.00 | 170.00 | 203.00 | OK | |
r-patched-linux-x86_64 | 2.1.0 | OK | ||||
r-patched-solaris-x86 | 2.1.0 | 309.80 | NOTE | |||
r-release-linux-x86_64 | 2.1.0 | 15.13 | 133.72 | 148.85 | OK | |
r-release-macos-x86_64 | 2.1.0 | NOTE | ||||
r-release-windows-ix86+x86_64 | 2.1.0 | 25.00 | 128.00 | 153.00 | OK | |
r-oldrel-macos-x86_64 | 2.1.0 | NOTE | ||||
r-oldrel-windows-ix86+x86_64 | 2.1.0 | 23.00 | 127.00 | 150.00 | OK |
Version: 2.1.0
Check: dependencies in R code
Result: NOTE
Namespace in Imports field not imported from: ‘shinyBS’
All declared Imports should be used.
Flavors: r-devel-linux-x86_64-fedora-clang, r-devel-linux-x86_64-fedora-gcc, r-patched-solaris-x86, r-release-macos-x86_64, r-oldrel-macos-x86_64
Version: 2.1.0
Check: data for non-ASCII characters
Result: NOTE
Note: found 29 marked UTF-8 strings
Flavors: r-devel-linux-x86_64-fedora-clang, r-devel-linux-x86_64-fedora-gcc, r-patched-solaris-x86, r-release-macos-x86_64, r-oldrel-macos-x86_64