CRAN Package Check Results for Package citation

Last updated on 2021-06-17 07:49:01 CEST.

Flavor Version Tinstall Tcheck Ttotal Status Flags
r-devel-linux-x86_64-debian-clang 0.4.1 2.04 25.06 27.10 NOTE
r-devel-linux-x86_64-debian-gcc 0.4.1 1.77 19.87 21.64 NOTE
r-devel-linux-x86_64-fedora-clang 0.4.1 42.65 NOTE
r-devel-linux-x86_64-fedora-gcc 0.4.1 31.59 NOTE
r-devel-windows-x86_64 0.4.1 5.00 40.00 45.00 NOTE
r-devel-windows-x86_64-gcc10-UCRT 0.4.1 NOTE
r-patched-linux-x86_64 0.4.1 2.09 24.22 26.31 NOTE
r-patched-solaris-x86 0.4.1 50.10 NOTE
r-release-linux-x86_64 0.4.1 2.21 24.19 26.40 NOTE
r-release-macos-arm64 0.4.1 NOTE
r-release-macos-x86_64 0.4.1 NOTE
r-release-windows-ix86+x86_64 0.4.1 5.00 40.00 45.00 NOTE
r-oldrel-macos-x86_64 0.4.1 OK
r-oldrel-windows-ix86+x86_64 0.4.1 4.00 41.00 45.00 OK

Check Details

Version: 0.4.1
Check: LazyData
Result: NOTE
     'LazyData' is specified without a 'data' directory
Flavors: r-devel-linux-x86_64-debian-clang, r-devel-linux-x86_64-debian-gcc, r-devel-linux-x86_64-fedora-clang, r-devel-linux-x86_64-fedora-gcc, r-devel-windows-x86_64, r-devel-windows-x86_64-gcc10-UCRT, r-patched-linux-x86_64, r-patched-solaris-x86, r-release-linux-x86_64, r-release-macos-arm64, r-release-macos-x86_64, r-release-windows-ix86+x86_64