CRAN Package Check Results for Package cinaR

Last updated on 2021-03-02 15:47:57 CET.

Flavor Version Tinstall Tcheck Ttotal Status Flags
r-devel-linux-x86_64-debian-clang 0.2.0 OK
r-devel-linux-x86_64-debian-gcc 0.2.0 5.84 105.90 111.74 OK
r-devel-linux-x86_64-fedora-clang 0.2.0 186.38 OK
r-devel-linux-x86_64-fedora-gcc 0.2.0 169.04 OK
r-devel-windows-ix86+x86_64 0.2.0 12.00 124.00 136.00 OK
r-patched-linux-x86_64 0.2.0 4.54 132.24 136.78 OK
r-patched-solaris-x86 0.2.0 259.40 OK
r-release-linux-x86_64 0.2.0 4.63 132.62 137.25 OK
r-release-macos-x86_64 0.2.0 ERROR
r-release-windows-ix86+x86_64 0.2.0 18.00 165.00 183.00 OK
r-oldrel-macos-x86_64 0.2.0 ERROR
r-oldrel-windows-ix86+x86_64 0.2.0 9.00 144.00 153.00 OK

Check Details

Version: 0.2.0
Check: package dependencies
Result: ERROR
    Packages required but not available:
     'ChIPseeker', 'fgsea', 'TxDb.Hsapiens.UCSC.hg38.knownGene'
    
    See section ‘The DESCRIPTION file’ in the ‘Writing R Extensions’
    manual.
Flavor: r-release-macos-x86_64

Version: 0.2.0
Check: package dependencies
Result: ERROR
    Packages required but not available:
     'ChIPseeker', 'TxDb.Hsapiens.UCSC.hg38.knownGene',
     'TxDb.Hsapiens.UCSC.hg19.knownGene',
     'TxDb.Mmusculus.UCSC.mm10.knownGene'
    
    See section ‘The DESCRIPTION file’ in the ‘Writing R Extensions’
    manual.
Flavor: r-oldrel-macos-x86_64