Last updated on 2022-05-24 03:55:06 CEST.
Flavor | Version | Tinstall | Tcheck | Ttotal | Status | Flags |
---|---|---|---|---|---|---|
r-devel-linux-x86_64-debian-clang | 1.0.4 | 3.64 | 47.01 | 50.65 | NOTE | |
r-devel-linux-x86_64-debian-gcc | 1.0.4 | 3.45 | 36.43 | 39.88 | NOTE | |
r-devel-linux-x86_64-fedora-clang | 1.0.4 | 62.12 | NOTE | |||
r-devel-linux-x86_64-fedora-gcc | 1.0.4 | 59.83 | NOTE | |||
r-devel-windows-x86_64 | 1.0.4 | 12.00 | 66.00 | 78.00 | NOTE | |
r-patched-linux-x86_64 | 1.0.4 | 4.75 | 45.40 | 50.15 | NOTE | |
r-release-linux-x86_64 | 1.0.4 | NOTE | ||||
r-release-macos-arm64 | 1.0.4 | 19.00 | NOTE | |||
r-release-macos-x86_64 | 1.0.4 | 36.00 | NOTE | |||
r-release-windows-x86_64 | 1.0.4 | 11.00 | 67.00 | 78.00 | NOTE | |
r-oldrel-macos-arm64 | 1.0.4 | 26.00 | NOTE | |||
r-oldrel-macos-x86_64 | 1.0.4 | 36.00 | NOTE | |||
r-oldrel-windows-ix86+x86_64 | 1.0.4 | 11.00 | 60.00 | 71.00 | NOTE |
Version: 1.0.4
Check: LazyData
Result: NOTE
'LazyData' is specified without a 'data' directory
Flavors: r-devel-linux-x86_64-debian-clang, r-devel-linux-x86_64-debian-gcc, r-devel-linux-x86_64-fedora-clang, r-devel-linux-x86_64-fedora-gcc, r-devel-windows-x86_64, r-patched-linux-x86_64, r-release-linux-x86_64, r-release-macos-arm64, r-release-macos-x86_64, r-release-windows-x86_64, r-oldrel-macos-arm64, r-oldrel-macos-x86_64, r-oldrel-windows-ix86+x86_64
Version: 1.0.4
Check: dependencies in R code
Result: NOTE
Namespace in Imports field not imported from: ‘R6’
All declared Imports should be used.
Flavors: r-devel-linux-x86_64-fedora-clang, r-devel-linux-x86_64-fedora-gcc, r-release-macos-arm64, r-release-macos-x86_64, r-oldrel-macos-arm64, r-oldrel-macos-x86_64