CRAN Package Check Results for Package chromote

Last updated on 2022-08-18 03:58:16 CEST.

Flavor Version Tinstall Tcheck Ttotal Status Flags
r-devel-linux-x86_64-debian-clang 0.1.0 8.67 41.85 50.52 NOTE
r-devel-linux-x86_64-debian-gcc 0.1.0 NOTE
r-devel-linux-x86_64-fedora-clang 0.1.0 73.16 NOTE
r-devel-linux-x86_64-fedora-gcc 0.1.0 76.93 NOTE
r-devel-windows-x86_64 0.1.0 37.00 68.00 105.00 NOTE
r-patched-linux-x86_64 0.1.0 8.81 41.64 50.45 NOTE
r-release-linux-x86_64 0.1.0 10.27 41.82 52.09 NOTE
r-release-macos-arm64 0.1.0 25.00 OK
r-release-macos-x86_64 0.1.0 33.00 OK
r-release-windows-x86_64 0.1.0 31.00 73.00 104.00 OK
r-oldrel-macos-arm64 0.1.0 20.00 OK
r-oldrel-macos-x86_64 0.1.0 31.00 OK
r-oldrel-windows-ix86+x86_64 0.1.0 17.00 67.00 84.00 OK

Check Details

Version: 0.1.0
Check: dependencies in R code
Result: NOTE
    
     *** caught segfault ***
    address 0x18, cause 'memory not mapped'
    An irrecoverable exception occurred. R is aborting now ...
    Segmentation fault
Flavors: r-devel-linux-x86_64-debian-clang, r-devel-linux-x86_64-debian-gcc, r-patched-linux-x86_64, r-release-linux-x86_64

Version: 0.1.0
Check: HTML version of manual
Result: NOTE
    Found the following HTML validation problems:
    Chrome.html:66:6: Warning: missing </span> before <p>
    Chrome.html:66:89: Warning: inserting implicit <span>
    Chrome.html:69:6: Warning: missing </span> before <p>
    Chrome.html:69:92: Warning: inserting implicit <span>
    Chrome.html:72:6: Warning: missing </span> before <p>
    Chrome.html:72:92: Warning: inserting implicit <span>
    Chrome.html:75:6: Warning: missing </span> before <p>
    Chrome.html:75:95: Warning: inserting implicit <span>
    Chrome.html:78:6: Warning: missing </span> before <p>
    Chrome.html:78:92: Warning: inserting implicit <span>
    Chrome.html:66:6: Warning: trimming empty <span>
    Chrome.html:69:6: Warning: trimming empty <span>
    Chrome.html:72:6: Warning: trimming empty <span>
    Chrome.html:75:6: Warning: trimming empty <span>
    Chrome.html:78:6: Warning: trimming empty <span>
    ChromeRemote.html:55:6: Warning: missing </span> before <p>
    ChromeRemote.html:55:89: Warning: inserting implicit <span>
    ChromeRemote.html:58:6: Warning: missing </span> before <p>
    ChromeRemote.html:58:92: Warning: inserting implicit <span>
    ChromeRemote.html:61:6: Warning: missing </span> before <p>
    ChromeRemote.html:61:92: Warning: inserting implicit <span>
    ChromeRemote.html:64:6: Warning: missing </span> before <p>
    ChromeRemote.html:64:95: Warning: inserting implicit <span>
    ChromeRemote.html:67:6: Warning: missing </span> before <p>
    ChromeRemote.html:67:92: Warning: inserting implicit <span>
    ChromeRemote.html:55:6: Warning: trimming empty <span>
    ChromeRemote.html:58:6: Warning: trimming empty <span>
    ChromeRemote.html:61:6: Warning: trimming empty <span>
    ChromeRemote.html:64:6: Warning: trimming empty <span>
    ChromeRemote.html:67:6: Warning: trimming empty <span>
    Chromote.html:40:39: Warning: inserting implicit <p>
    Chromote.html:40:39: Warning: trimming empty <p>
Flavors: r-devel-linux-x86_64-debian-clang, r-devel-linux-x86_64-debian-gcc, r-devel-linux-x86_64-fedora-clang, r-devel-linux-x86_64-fedora-gcc

Version: 0.1.0
Check: HTML version of manual
Result: NOTE
    Found the following HTML validation problems:
    Chrome.html:66:6: Warning: missing </span> before <p>
    
    
    Chrome.html:66:89: Warning: inserting implicit <span>
    
    
    Chrome.html:69:6: Warning: missing </span> before <p>
    
    
    Chrome.html:69:92: Warning: inserting implicit <span>
    
    
    Chrome.html:72:6: Warning: missing </span> before <p>
    
    
    Chrome.html:72:92: Warning: inserting implicit <span>
    
    
    Chrome.html:75:6: Warning: missing </span> before <p>
    
    
    Chrome.html:75:95: Warning: inserting implicit <span>
    
    
    Chrome.html:78:6: Warning: missing </span> before <p>
    
    
    Chrome.html:78:92: Warning: inserting implicit <span>
    
    
    Chrome.html:66:6: Warning: trimming empty <span>
    
    
    Chrome.html:69:6: Warning: trimming empty <span>
    
    
    Chrome.html:72:6: Warning: trimming empty <span>
    
    
    Chrome.html:75:6: Warning: trimming empty <span>
    
    
    Chrome.html:78:6: Warning: trimming empty <span>
    
    
    ChromeRemote.html:55:6: Warning: missing </span> before <p>
    
    
    ChromeRemote.html:55:89: Warning: inserting implicit <span>
    
    
    ChromeRemote.html:58:6: Warning: missing </span> before <p>
    
    
    ChromeRemote.html:58:92: Warning: inserting implicit <span>
    
    
    ChromeRemote.html:61:6: Warning: missing </span> before <p>
    
    
    ChromeRemote.html:61:92: Warning: inserting implicit <span>
    
    
    ChromeRemote.html:64:6: Warning: missing </span> before <p>
    
    
    ChromeRemote.html:64:95: Warning: inserting implicit <span>
    
    
    ChromeRemote.html:67:6: Warning: missing </span> before <p>
    
    
    ChromeRemote.html:67:92: Warning: inserting implicit <span>
    
    
    ChromeRemote.html:55:6: Warning: trimming empty <span>
    
    
    ChromeRemote.html:58:6: Warning: trimming empty <span>
    
    
    ChromeRemote.html:61:6: Warning: trimming empty <span>
    
    
    ChromeRemote.html:64:6: Warning: trimming empty <span>
    
    
    ChromeRemote.html:67:6: Warning: trimming empty <span>
    
    
    Chromote.html:40:39: Warning: inserting implicit <p>
    
    
    Chromote.html:40:39: Warning: trimming empty <p>
Flavor: r-devel-windows-x86_64