Last updated on 2021-02-24 19:48:03 CET.
Flavor | Version | Tinstall | Tcheck | Ttotal | Status | Flags |
---|---|---|---|---|---|---|
r-devel-linux-x86_64-debian-clang | 0.1 | 3.84 | 43.00 | 46.84 | NOTE | |
r-devel-linux-x86_64-debian-gcc | 0.1 | 3.14 | 32.97 | 36.11 | NOTE | |
r-devel-linux-x86_64-fedora-clang | 0.1 | 67.85 | NOTE | |||
r-devel-linux-x86_64-fedora-gcc | 0.1 | 53.73 | NOTE | |||
r-devel-windows-ix86+x86_64 | 0.1 | 8.00 | 44.00 | 52.00 | NOTE | |
r-patched-linux-x86_64 | 0.1 | 4.14 | 40.08 | 44.22 | NOTE | |
r-patched-solaris-x86 | 0.1 | 78.40 | NOTE | |||
r-release-linux-x86_64 | 0.1 | 4.16 | 38.75 | 42.91 | NOTE | |
r-release-macos-x86_64 | 0.1 | NOTE | ||||
r-release-windows-ix86+x86_64 | 0.1 | 10.00 | 58.00 | 68.00 | NOTE | |
r-oldrel-macos-x86_64 | 0.1 | NOTE | ||||
r-oldrel-windows-ix86+x86_64 | 0.1 | 6.00 | 59.00 | 65.00 | NOTE |
Version: 0.1
Check: DESCRIPTION meta-information
Result: NOTE
Malformed Description field: should contain one or more complete sentences.
Flavors: r-devel-linux-x86_64-debian-clang, r-devel-linux-x86_64-debian-gcc, r-devel-linux-x86_64-fedora-clang, r-devel-linux-x86_64-fedora-gcc, r-devel-windows-ix86+x86_64, r-patched-linux-x86_64, r-patched-solaris-x86, r-release-linux-x86_64, r-release-macos-x86_64, r-release-windows-ix86+x86_64, r-oldrel-macos-x86_64, r-oldrel-windows-ix86+x86_64
Version: 0.1
Check: R code for possible problems
Result: NOTE
parse_counts: no visible global function definition for 'na.omit'
Undefined global functions or variables:
na.omit
Consider adding
importFrom("stats", "na.omit")
to your NAMESPACE file.
Flavors: r-devel-linux-x86_64-debian-clang, r-devel-linux-x86_64-debian-gcc, r-devel-linux-x86_64-fedora-clang, r-devel-linux-x86_64-fedora-gcc, r-devel-windows-ix86+x86_64, r-patched-linux-x86_64, r-patched-solaris-x86, r-release-linux-x86_64, r-release-macos-x86_64, r-release-windows-ix86+x86_64, r-oldrel-macos-x86_64, r-oldrel-windows-ix86+x86_64