Last updated on 2021-03-07 15:47:31 CET.
Flavor | Version | Tinstall | Tcheck | Ttotal | Status | Flags |
---|---|---|---|---|---|---|
r-devel-linux-x86_64-debian-clang | 0.1.9.5 | 7.28 | 46.27 | 53.55 | OK | |
r-devel-linux-x86_64-debian-gcc | 0.1.9.5 | 6.31 | 37.05 | 43.36 | OK | |
r-devel-linux-x86_64-fedora-clang | 0.1.9.5 | 75.72 | NOTE | |||
r-devel-linux-x86_64-fedora-gcc | 0.1.9.5 | 64.15 | NOTE | |||
r-devel-windows-ix86+x86_64 | 0.1.9.5 | 21.00 | 64.00 | 85.00 | OK | |
r-devel-windows-x86_64-gcc10-UCRT | 0.1.9.5 | NOTE | ||||
r-patched-linux-x86_64 | 0.1.9.5 | 7.99 | 44.51 | 52.50 | OK | |
r-patched-solaris-x86 | 0.1.9.5 | 104.20 | NOTE | |||
r-release-linux-x86_64 | 0.1.9.5 | 6.83 | 44.82 | 51.65 | OK | |
r-release-macos-x86_64 | 0.1.9.5 | NOTE | ||||
r-release-windows-ix86+x86_64 | 0.1.9.5 | 12.00 | 50.00 | 62.00 | OK | |
r-oldrel-macos-x86_64 | 0.1.9.5 | NOTE | ||||
r-oldrel-windows-ix86+x86_64 | 0.1.9.5 | 11.00 | 49.00 | 60.00 | OK |
Version: 0.1.9.5
Check: dependencies in R code
Result: NOTE
Namespace in Imports field not imported from: ‘forcats’
All declared Imports should be used.
Flavors: r-devel-linux-x86_64-fedora-clang, r-devel-linux-x86_64-fedora-gcc, r-devel-windows-x86_64-gcc10-UCRT, r-patched-solaris-x86, r-release-macos-x86_64, r-oldrel-macos-x86_64
Version: 0.1.9.5
Check: data for non-ASCII characters
Result: NOTE
Note: found 4004 marked UTF-8 strings
Flavors: r-devel-linux-x86_64-fedora-clang, r-devel-linux-x86_64-fedora-gcc, r-devel-windows-x86_64-gcc10-UCRT, r-patched-solaris-x86, r-release-macos-x86_64, r-oldrel-macos-x86_64