Last updated on 2021-02-26 15:50:49 CET.
Flavor | Version | Tinstall | Tcheck | Ttotal | Status | Flags |
---|---|---|---|---|---|---|
r-devel-linux-x86_64-debian-clang | 3.7.0 | 28.42 | 154.57 | 182.99 | OK | |
r-devel-linux-x86_64-debian-gcc | 3.7.0 | 20.19 | 113.10 | 133.29 | OK | |
r-devel-linux-x86_64-fedora-clang | 3.7.0 | 219.50 | NOTE | |||
r-devel-linux-x86_64-fedora-gcc | 3.7.0 | 203.22 | NOTE | |||
r-devel-windows-ix86+x86_64 | 3.7.0 | 41.00 | 154.00 | 195.00 | OK | |
r-patched-linux-x86_64 | 3.7.0 | 19.27 | 140.87 | 160.14 | OK | |
r-patched-solaris-x86 | 3.7.0 | 317.00 | NOTE | |||
r-release-linux-x86_64 | 3.7.0 | 17.47 | 141.02 | 158.49 | OK | |
r-release-macos-x86_64 | 3.7.0 | NOTE | ||||
r-release-windows-ix86+x86_64 | 3.7.0 | 66.00 | 216.00 | 282.00 | OK | |
r-oldrel-macos-x86_64 | 3.7.0 | NOTE | ||||
r-oldrel-windows-ix86+x86_64 | 3.7.0 | 39.00 | 195.00 | 234.00 | OK |
Version: 3.7.0
Check: data for non-ASCII characters
Result: NOTE
Note: found 10 marked UTF-8 strings
Flavors: r-devel-linux-x86_64-fedora-clang, r-devel-linux-x86_64-fedora-gcc, r-patched-solaris-x86, r-release-macos-x86_64, r-oldrel-macos-x86_64