CRAN Package Check Results for Package choplump

Last updated on 2021-04-20 23:47:37 CEST.

Flavor Version Tinstall Tcheck Ttotal Status Flags
r-devel-linux-x86_64-debian-clang 1.0-0.4 2.40 83.65 86.05 NOTE
r-devel-linux-x86_64-debian-gcc 1.0-0.4 2.12 59.36 61.48 NOTE
r-devel-linux-x86_64-fedora-clang 1.0-0.4 110.94 NOTE
r-devel-linux-x86_64-fedora-gcc 1.0-0.4 102.70 NOTE
r-devel-windows-ix86+x86_64 1.0-0.4 5.00 80.00 85.00 NOTE
r-devel-windows-x86_64-gcc10-UCRT 1.0-0.4 NOTE
r-patched-linux-x86_64 1.0-0.4 2.55 81.07 83.62 NOTE
r-patched-solaris-x86 1.0-0.4 127.10 NOTE
r-release-linux-x86_64 1.0-0.4 2.70 81.01 83.71 NOTE
r-release-macos-x86_64 1.0-0.4 NOTE
r-release-windows-ix86+x86_64 1.0-0.4 5.00 104.00 109.00 NOTE
r-oldrel-macos-x86_64 1.0-0.4 NOTE
r-oldrel-windows-ix86+x86_64 1.0-0.4 4.00 102.00 106.00 NOTE

Check Details

Version: 1.0-0.4
Check: DESCRIPTION meta-information
Result: NOTE
    Malformed Description field: should contain one or more complete sentences.
Flavors: r-devel-linux-x86_64-debian-clang, r-devel-linux-x86_64-debian-gcc, r-devel-linux-x86_64-fedora-clang, r-devel-linux-x86_64-fedora-gcc, r-devel-windows-ix86+x86_64, r-devel-windows-x86_64-gcc10-UCRT, r-patched-linux-x86_64, r-patched-solaris-x86, r-release-linux-x86_64, r-release-macos-x86_64, r-release-windows-ix86+x86_64, r-oldrel-macos-x86_64, r-oldrel-windows-ix86+x86_64

Version: 1.0-0.4
Check: R code for possible problems
Result: NOTE
    Qh.times.dhyper: no visible global function definition for 'var'
    Qh.times.dhyper: no visible global function definition for 'pnorm'
    Qh.times.dhyper: no visible global function definition for 'dhyper'
    TDiM: no visible global function definition for 'sd'
    choplump.default: no visible global function definition for
     'flush.console'
    choplump.formula: no visible global function definition for 'terms'
    cm.compact: no visible global function definition for 'dhyper'
    Undefined global functions or variables:
     dhyper flush.console pnorm sd terms var
    Consider adding
     importFrom("stats", "dhyper", "pnorm", "sd", "terms", "var")
     importFrom("utils", "flush.console")
    to your NAMESPACE file.
Flavors: r-devel-linux-x86_64-debian-clang, r-devel-linux-x86_64-debian-gcc, r-devel-linux-x86_64-fedora-clang, r-devel-linux-x86_64-fedora-gcc, r-devel-windows-ix86+x86_64, r-devel-windows-x86_64-gcc10-UCRT, r-patched-linux-x86_64, r-patched-solaris-x86, r-release-linux-x86_64, r-release-macos-x86_64, r-release-windows-ix86+x86_64, r-oldrel-macos-x86_64, r-oldrel-windows-ix86+x86_64