CRAN Package Check Results for Package chilemapas

Last updated on 2021-03-05 23:48:39 CET.

Flavor Version Tinstall Tcheck Ttotal Status Flags
r-devel-linux-x86_64-debian-clang 0.2 8.28 81.01 89.29 OK
r-devel-linux-x86_64-debian-gcc 0.2 7.14 60.67 67.81 OK
r-devel-linux-x86_64-fedora-clang 0.2 119.66 OK
r-devel-linux-x86_64-fedora-gcc 0.2 107.66 OK
r-devel-windows-ix86+x86_64 0.2 18.00 114.00 132.00 OK
r-devel-windows-x86_64-gcc10-UCRT 0.2 ERROR
r-patched-linux-x86_64 0.2 OK
r-patched-solaris-x86 0.2 158.70 OK
r-release-linux-x86_64 0.2 9.12 77.09 86.21 OK
r-release-macos-x86_64 0.2 OK
r-release-windows-ix86+x86_64 0.2 17.00 84.00 101.00 OK
r-oldrel-macos-x86_64 0.2 OK
r-oldrel-windows-ix86+x86_64 0.2 14.00 81.00 95.00 OK

Check Details

Version: 0.2
Check: package dependencies
Result: ERROR
    Package required but not available: 'rmapshaper'
    
    See section 'The DESCRIPTION file' in the 'Writing R Extensions'
    manual.
Flavor: r-devel-windows-x86_64-gcc10-UCRT