CRAN Package Check Results for Package chemometrics

Last updated on 2021-04-13 07:47:39 CEST.

Flavor Version Tinstall Tcheck Ttotal Status Flags
r-devel-linux-x86_64-debian-clang 1.4.2 6.49 151.99 158.48 NOTE
r-devel-linux-x86_64-debian-gcc 1.4.2 5.85 111.05 116.90 NOTE
r-devel-linux-x86_64-fedora-clang 1.4.2 194.16 NOTE
r-devel-linux-x86_64-fedora-gcc 1.4.2 185.30 NOTE
r-devel-windows-ix86+x86_64 1.4.2 12.00 175.00 187.00 OK
r-devel-windows-x86_64-gcc10-UCRT 1.4.2 OK
r-patched-linux-x86_64 1.4.2 7.84 143.30 151.14 NOTE
r-patched-solaris-x86 1.4.2 261.20 NOTE
r-release-linux-x86_64 1.4.2 7.33 143.08 150.41 NOTE
r-release-macos-x86_64 1.4.2 OK
r-release-windows-ix86+x86_64 1.4.2 9.00 177.00 186.00 OK
r-oldrel-macos-x86_64 1.4.2 OK
r-oldrel-windows-ix86+x86_64 1.4.2 11.00 127.00 138.00 OK

Check Details

Version: 1.4.2
Check: for non-standard things in the check directory
Result: NOTE
    Found the following files/directories:
     'stepres00.txt'
Flavors: r-devel-linux-x86_64-debian-clang, r-devel-linux-x86_64-debian-gcc, r-devel-linux-x86_64-fedora-clang, r-devel-linux-x86_64-fedora-gcc, r-patched-linux-x86_64, r-patched-solaris-x86, r-release-linux-x86_64