CRAN Package Check Results for Package checkmate

Last updated on 2021-05-10 07:48:07 CEST.

Flavor Version Tinstall Tcheck Ttotal Status Flags
r-devel-linux-x86_64-debian-clang 2.0.0 10.36 82.85 93.21 OK
r-devel-linux-x86_64-debian-gcc 2.0.0 8.26 62.85 71.11 OK
r-devel-linux-x86_64-fedora-clang 2.0.0 119.66 OK
r-devel-linux-x86_64-fedora-gcc 2.0.0 112.21 OK
r-devel-windows-ix86+x86_64 2.0.0 25.00 145.00 170.00 OK
r-devel-windows-x86_64-gcc10-UCRT 2.0.0 OK
r-patched-linux-x86_64 2.0.0 13.90 80.06 93.96 OK
r-patched-solaris-x86 2.0.0 140.90 ERROR
r-release-linux-x86_64 2.0.0 10.15 80.49 90.64 OK
r-release-macos-x86_64 2.0.0 OK
r-release-windows-ix86+x86_64 2.0.0 26.00 119.00 145.00 OK
r-oldrel-macos-x86_64 2.0.0 OK
r-oldrel-windows-ix86+x86_64 2.0.0 27.00 140.00 167.00 OK

Check Details

Version: 2.0.0
Check: tests
Result: ERROR
     Running ‘test-all.R’ [26s/31s]
    Running the tests in ‘tests/test-all.R’ failed.
    Complete output:
     > library(testthat)
     > test_check("checkmate")
     Loading required package: checkmate
     ══ Skipped tests ═══════════════════════════════════════════════════════════════
     • On CRAN (1)
    
     ══ Failed tests ════════════════════════════════════════════════════════════════
     ── Failure (test_checkNames.R:34:3): checkNames ────────────────────────────────
     testNames("ä", type = "strict") is not FALSE
    
     `actual`: TRUE
     `expected`: FALSE
     ── Failure (test_checkNames.R:35:3): checkNames ────────────────────────────────
     testNames("ä", type = "ids") is not FALSE
    
     `actual`: TRUE
     `expected`: FALSE
    
     [ FAIL 2 | WARN 0 | SKIP 1 | PASS 2899 ]
     Error: Test failures
     Execution halted
Flavor: r-patched-solaris-x86