CRAN Package Check Results for Package chartql

Last updated on 2021-06-12 23:49:03 CEST.

Flavor Version Tinstall Tcheck Ttotal Status Flags
r-devel-linux-x86_64-debian-clang 0.1.0 4.53 48.06 52.59 NOTE
r-devel-linux-x86_64-debian-gcc 0.1.0 3.63 36.68 40.31 NOTE
r-devel-linux-x86_64-fedora-clang 0.1.0 73.68 NOTE
r-devel-linux-x86_64-fedora-gcc 0.1.0 60.65 NOTE
r-devel-windows-x86_64 0.1.0 10.00 68.00 78.00 NOTE
r-devel-windows-x86_64-gcc10-UCRT 0.1.0 NOTE
r-patched-linux-x86_64 0.1.0 4.60 45.27 49.87 NOTE
r-patched-solaris-x86 0.1.0 90.50 NOTE
r-release-linux-x86_64 0.1.0 4.41 45.51 49.92 NOTE
r-release-macos-arm64 0.1.0 NOTE
r-release-macos-x86_64 0.1.0 NOTE
r-release-windows-ix86+x86_64 0.1.0 19.00 65.00 84.00 NOTE
r-oldrel-macos-x86_64 0.1.0 OK
r-oldrel-windows-ix86+x86_64 0.1.0 14.00 67.00 81.00 OK

Check Details

Version: 0.1.0
Check: LazyData
Result: NOTE
     'LazyData' is specified without a 'data' directory
Flavors: r-devel-linux-x86_64-debian-clang, r-devel-linux-x86_64-debian-gcc, r-devel-linux-x86_64-fedora-clang, r-devel-linux-x86_64-fedora-gcc, r-devel-windows-x86_64, r-devel-windows-x86_64-gcc10-UCRT, r-patched-linux-x86_64, r-patched-solaris-x86, r-release-linux-x86_64, r-release-macos-arm64, r-release-macos-x86_64, r-release-windows-ix86+x86_64