Last updated on 2023-03-23 19:50:10 CET.
Flavor | Version | Tinstall | Tcheck | Ttotal | Status | Flags |
---|---|---|---|---|---|---|
r-devel-linux-x86_64-debian-clang | 1.0.2 | 12.38 | 304.74 | 317.12 | OK | |
r-devel-linux-x86_64-debian-gcc | 1.0.2 | 9.34 | 226.18 | 235.52 | OK | |
r-devel-linux-x86_64-fedora-clang | 1.0.2 | 401.04 | NOTE | |||
r-devel-linux-x86_64-fedora-gcc | 1.0.2 | 405.01 | OK | |||
r-devel-windows-x86_64 | 1.0.2 | 313.00 | 368.00 | 681.00 | NOTE | |
r-patched-linux-x86_64 | 1.0.2 | 9.70 | 283.38 | 293.08 | OK | |
r-release-linux-x86_64 | 1.0.2 | 8.81 | 289.46 | 298.27 | OK | |
r-release-macos-arm64 | 1.0.2 | 119.00 | NOTE | |||
r-release-macos-x86_64 | 1.0.2 | 178.00 | NOTE | |||
r-release-windows-x86_64 | 1.0.2 | 1088.00 | 359.00 | 1447.00 | NOTE | |
r-oldrel-macos-arm64 | 1.0.2 | 127.00 | NOTE | |||
r-oldrel-macos-x86_64 | 1.0.2 | 183.00 | NOTE | |||
r-oldrel-windows-ix86+x86_64 | 1.0.2 | 28.00 | 354.00 | 382.00 | NOTE |
Version: 1.0.2
Check: installed package size
Result: NOTE
installed size is 5.5Mb
sub-directories of 1Mb or more:
extdata 4.7Mb
Flavors: r-devel-linux-x86_64-fedora-clang, r-devel-windows-x86_64, r-release-macos-arm64, r-release-macos-x86_64, r-release-windows-x86_64, r-oldrel-macos-arm64, r-oldrel-macos-x86_64, r-oldrel-windows-ix86+x86_64