CRAN Package Check Results for Package cglasso

Last updated on 2021-09-20 15:52:34 CEST.

Flavor Version Tinstall Tcheck Ttotal Status Flags
r-devel-linux-x86_64-debian-clang 2.0.4 15.92 67.78 83.70 OK
r-devel-linux-x86_64-debian-gcc 2.0.4 12.17 50.97 63.14 OK
r-devel-linux-x86_64-fedora-clang 2.0.4 107.80 OK
r-devel-linux-x86_64-fedora-gcc 2.0.4 97.32 OK
r-devel-windows-x86_64 2.0.4 22.00 70.00 92.00 OK
r-devel-windows-x86_64-gcc10-UCRT 2.0.4 ERROR
r-patched-linux-x86_64 2.0.4 17.46 65.20 82.66 OK
r-patched-solaris-x86 2.0.4 140.30 OK
r-release-linux-x86_64 2.0.4 14.41 65.09 79.50 OK
r-release-macos-arm64 2.0.4 OK
r-release-macos-x86_64 2.0.4 OK
r-release-windows-ix86+x86_64 2.0.4 44.00 84.00 128.00 OK
r-oldrel-macos-x86_64 2.0.4 OK
r-oldrel-windows-ix86+x86_64 2.0.4 43.00 84.00 127.00 OK

Check Details

Version: 2.0.4
Check: whether package can be installed
Result: ERROR
    Installation failed.
Flavor: r-devel-windows-x86_64-gcc10-UCRT