Last updated on 2022-05-22 23:51:40 CEST.
Flavor | Version | Tinstall | Tcheck | Ttotal | Status | Flags |
---|---|---|---|---|---|---|
r-devel-linux-x86_64-debian-clang | 1.2.1 | 19.32 | 33.16 | 52.48 | NOTE | |
r-devel-linux-x86_64-debian-gcc | 1.2.1 | 15.28 | 27.82 | 43.10 | NOTE | |
r-devel-linux-x86_64-fedora-clang | 1.2.1 | 74.83 | NOTE | |||
r-devel-linux-x86_64-fedora-gcc | 1.2.1 | 67.92 | NOTE | |||
r-devel-windows-x86_64 | 1.2.1 | 23.00 | 70.00 | 93.00 | NOTE | |
r-patched-linux-x86_64 | 1.2.1 | 15.01 | 32.91 | 47.92 | NOTE | |
r-release-linux-x86_64 | 1.2.1 | 14.10 | 35.83 | 49.93 | NOTE | |
r-release-macos-arm64 | 1.2.1 | 21.00 | NOTE | |||
r-release-macos-x86_64 | 1.2.1 | 29.00 | NOTE | |||
r-release-windows-x86_64 | 1.2.1 | 21.00 | 73.00 | 94.00 | NOTE | |
r-oldrel-macos-arm64 | 1.2.1 | 36.00 | NOTE | |||
r-oldrel-macos-x86_64 | 1.2.1 | 38.00 | NOTE | |||
r-oldrel-windows-ix86+x86_64 | 1.2.1 | 46.00 | 68.00 | 114.00 | NOTE |
Version: 1.2.1
Check: DESCRIPTION meta-information
Result: NOTE
Malformed Title field: should not end in a period.
Flavors: r-devel-linux-x86_64-debian-clang, r-devel-linux-x86_64-debian-gcc, r-devel-linux-x86_64-fedora-clang, r-devel-linux-x86_64-fedora-gcc, r-devel-windows-x86_64, r-patched-linux-x86_64, r-release-linux-x86_64, r-release-macos-arm64, r-release-macos-x86_64, r-release-windows-x86_64, r-oldrel-macos-arm64, r-oldrel-macos-x86_64, r-oldrel-windows-ix86+x86_64
Version: 1.2.1
Check: compiled code
Result: NOTE
File ‘cgAUC/libs/cgAUC.so’:
Found no calls to: ‘R_registerRoutines’, ‘R_useDynamicSymbols’
It is good practice to register native routines and to disable symbol
search.
See ‘Writing portable packages’ in the ‘Writing R Extensions’ manual.
Flavors: r-devel-linux-x86_64-fedora-clang, r-devel-linux-x86_64-fedora-gcc