CRAN Package Check Results for Package cfda

Last updated on 2021-09-21 07:49:57 CEST.

Flavor Version Tinstall Tcheck Ttotal Status Flags
r-devel-linux-x86_64-debian-clang 0.9.9 11.69 320.46 332.15 OK
r-devel-linux-x86_64-debian-gcc 0.9.9 10.19 227.67 237.86 OK
r-devel-linux-x86_64-fedora-clang 0.9.9 375.00 OK
r-devel-linux-x86_64-fedora-gcc 0.9.9 369.20 OK
r-devel-windows-x86_64 0.9.9 12.00 364.00 376.00 OK
r-devel-windows-x86_64-gcc10-UCRT 0.9.9 ERROR
r-patched-linux-x86_64 0.9.9 14.63 296.65 311.28 OK
r-patched-solaris-x86 0.9.9 474.90 OK
r-release-linux-x86_64 0.9.9 11.56 297.06 308.62 OK
r-release-macos-arm64 0.9.9 OK
r-release-macos-x86_64 0.9.9 OK
r-release-windows-ix86+x86_64 0.9.9 29.00 361.00 390.00 OK
r-oldrel-macos-x86_64 0.9.9 OK
r-oldrel-windows-ix86+x86_64 0.9.9 30.00 498.00 528.00 OK

Check Details

Version: 0.9.9
Check: whether package can be installed
Result: WARN
    Found the following significant warnings:
     WARNING: installation-time patches will not be applied, could not get the patches index
Flavor: r-devel-windows-x86_64-gcc10-UCRT

Version: 0.9.9
Check: PDF version of manual
Result: WARN
    LaTeX errors when creating PDF version.
    This typically indicates Rd problems.
Flavor: r-devel-windows-x86_64-gcc10-UCRT

Version: 0.9.9
Check: PDF version of manual without hyperrefs or index
Result: ERROR
    Re-running with no redirection of stdout/stderr.
Flavor: r-devel-windows-x86_64-gcc10-UCRT