CRAN Package Check Results for Package centiserve

Last updated on 2024-05-19 03:55:29 CEST.

Flavor Version Tinstall Tcheck Ttotal Status Flags
r-devel-linux-x86_64-debian-clang 1.0.0 10.23 87.81 98.04 NOTE
r-devel-linux-x86_64-debian-gcc 1.0.0 7.75 64.07 71.82 NOTE
r-devel-linux-x86_64-fedora-clang 1.0.0 130.36 NOTE
r-devel-linux-x86_64-fedora-gcc 1.0.0 179.89 NOTE
r-devel-windows-x86_64 1.0.0 9.00 83.00 92.00 NOTE
r-patched-linux-x86_64 1.0.0 8.95 81.64 90.59 NOTE
r-release-linux-x86_64 1.0.0 9.55 83.53 93.08 NOTE
r-release-macos-arm64 1.0.0 35.00 NOTE
r-release-windows-x86_64 1.0.0 9.00 84.00 93.00 NOTE
r-oldrel-macos-arm64 1.0.0 37.00 OK
r-oldrel-macos-x86_64 1.0.0 59.00 NOTE
r-oldrel-windows-x86_64 1.0.0 11.00 101.00 112.00 OK

Check Details

Version: 1.0.0
Check: Rd files
Result: NOTE checkRd: (-1) centroid.Rd:22: Lost braces; missing escapes or markup? 22 | Centroid value C_{cen}(v) for node v defined as: | ^ checkRd: (-1) clusterrank.Rd:23: Lost braces; missing escapes or markup? 23 | where the term f(c_{i}) accounts for the effect of i's local clustering and the term '+1' results from the contribution of \eqn{j}{j} itself. \cr | ^ Flavors: r-devel-linux-x86_64-debian-clang, r-devel-linux-x86_64-debian-gcc, r-devel-linux-x86_64-fedora-clang, r-devel-linux-x86_64-fedora-gcc, r-devel-windows-x86_64, r-patched-linux-x86_64, r-release-linux-x86_64, r-release-macos-arm64, r-release-windows-x86_64

Version: 1.0.0
Check: package dependencies
Result: NOTE Package suggested but not available for checking: ‘linkcomm’ Flavor: r-oldrel-macos-x86_64