CRAN Package Check Results for Package cellranger

Last updated on 2021-04-12 23:47:57 CEST.

Flavor Version Tinstall Tcheck Ttotal Status Flags
r-devel-linux-x86_64-debian-clang 1.1.0 3.00 31.02 34.02 NOTE
r-devel-linux-x86_64-debian-gcc 1.1.0 2.09 24.25 26.34 NOTE
r-devel-linux-x86_64-fedora-clang 1.1.0 50.30 NOTE
r-devel-linux-x86_64-fedora-gcc 1.1.0 41.27 NOTE
r-devel-windows-ix86+x86_64 1.1.0 6.00 50.00 56.00 NOTE
r-devel-windows-x86_64-gcc10-UCRT 1.1.0 NOTE
r-patched-linux-x86_64 1.1.0 3.02 30.05 33.07 OK
r-patched-solaris-x86 1.1.0 59.30 OK
r-release-linux-x86_64 1.1.0 2.77 30.03 32.80 OK
r-release-macos-x86_64 1.1.0 OK
r-release-windows-ix86+x86_64 1.1.0 6.00 48.00 54.00 OK
r-oldrel-macos-x86_64 1.1.0 OK
r-oldrel-windows-ix86+x86_64 1.1.0 5.00 33.00 38.00 OK

Check Details

Version: 1.1.0
Check: LazyData
Result: NOTE
     'LazyData' is specified without a 'data' directory
Flavors: r-devel-linux-x86_64-debian-clang, r-devel-linux-x86_64-debian-gcc, r-devel-linux-x86_64-fedora-clang, r-devel-linux-x86_64-fedora-gcc, r-devel-windows-ix86+x86_64, r-devel-windows-x86_64-gcc10-UCRT