CRAN Package Check Results for Package cchsflow

Last updated on 2024-06-13 12:49:28 CEST.

Flavor Version Tinstall Tcheck Ttotal Status Flags
r-devel-linux-x86_64-debian-clang 2.1.0 9.91 144.89 154.80 OK
r-devel-linux-x86_64-debian-gcc 2.1.0 0.62 1.56 2.18 ERROR
r-devel-linux-x86_64-fedora-clang 2.1.0 187.38 OK
r-devel-linux-x86_64-fedora-gcc 2.1.0 174.99 OK
r-devel-windows-x86_64 2.1.0 9.00 173.00 182.00 OK
r-patched-linux-x86_64 2.1.0 8.80 135.30 144.10 OK
r-release-linux-x86_64 2.1.0 6.36 132.21 138.57 OK
r-release-macos-arm64 2.1.0 52.00 OK
r-release-macos-x86_64 2.1.0 93.00 OK
r-release-windows-x86_64 2.1.0 10.00 170.00 180.00 OK
r-oldrel-macos-arm64 2.1.0 55.00 OK
r-oldrel-macos-x86_64 2.1.0 89.00 OK
r-oldrel-windows-x86_64 2.1.0 14.00 212.00 226.00 OK

Check Details

Version: 2.1.0
Check: package dependencies
Result: ERROR Packages required but not available: 'haven', 'dplyr', 'stringr' Package suggested but not available for checking: ‘testthat’ See section ‘The DESCRIPTION file’ in the ‘Writing R Extensions’ manual. Flavor: r-devel-linux-x86_64-debian-gcc