Last updated on 2021-03-05 23:48:39 CET.
Flavor | Version | Tinstall | Tcheck | Ttotal | Status | Flags |
---|---|---|---|---|---|---|
r-devel-linux-x86_64-debian-clang | 0.3.3 | 82.99 | 39.22 | 122.21 | OK | --no-vignettes |
r-devel-linux-x86_64-debian-gcc | 0.3.3 | 50.87 | 30.54 | 81.41 | OK | --no-vignettes |
r-devel-linux-x86_64-fedora-clang | 0.3.3 | 213.63 | NOTE | |||
r-devel-linux-x86_64-fedora-gcc | 0.3.3 | 188.18 | OK | |||
r-devel-windows-ix86+x86_64 | 0.3.3 | 178.00 | 125.00 | 303.00 | OK | |
r-patched-linux-x86_64 | 0.3.3 | OK | --no-vignettes | |||
r-patched-solaris-x86 | 0.3.3 | 153.70 | OK | --no-vignettes | ||
r-release-linux-x86_64 | 0.3.3 | 58.85 | 38.10 | 96.95 | OK | --no-vignettes |
r-release-macos-x86_64 | 0.3.3 | NOTE | ||||
r-release-windows-ix86+x86_64 | 0.3.3 | 132.00 | 96.00 | 228.00 | OK | |
r-oldrel-macos-x86_64 | 0.3.3 | OK | ||||
r-oldrel-windows-ix86+x86_64 | 0.3.3 | 127.00 | 93.00 | 220.00 | OK |
Version: 0.3.3
Check: installed package size
Result: NOTE
installed size is 5.3Mb
sub-directories of 1Mb or more:
libs 4.9Mb
Flavors: r-devel-linux-x86_64-fedora-clang, r-release-macos-x86_64