CRAN Package Check Results for Package ccChooser

Last updated on 2021-04-20 23:47:37 CEST.

Flavor Version Tinstall Tcheck Ttotal Status Flags
r-devel-linux-x86_64-debian-clang 0.2.6 2.28 25.02 27.30 NOTE
r-devel-linux-x86_64-debian-gcc 0.2.6 1.74 20.25 21.99 NOTE
r-devel-linux-x86_64-fedora-clang 0.2.6 43.75 NOTE
r-devel-linux-x86_64-fedora-gcc 0.2.6 33.15 NOTE
r-devel-windows-ix86+x86_64 0.2.6 5.00 32.00 37.00 NOTE
r-devel-windows-x86_64-gcc10-UCRT 0.2.6 NOTE
r-patched-linux-x86_64 0.2.6 2.45 24.52 26.97 NOTE
r-patched-solaris-x86 0.2.6 52.60 NOTE
r-release-linux-x86_64 0.2.6 2.29 24.85 27.14 NOTE
r-release-macos-x86_64 0.2.6 NOTE
r-release-windows-ix86+x86_64 0.2.6 5.00 41.00 46.00 NOTE
r-oldrel-macos-x86_64 0.2.6 NOTE
r-oldrel-windows-ix86+x86_64 0.2.6 3.00 38.00 41.00 NOTE

Check Details

Version: 0.2.6
Check: R code for possible problems
Result: NOTE
    VD: no visible binding for global variable 'var'
    stratcc : <anonymous>: no visible global function definition for
     'hclust'
    stratcc : <anonymous>: no visible global function definition for
     'cutree'
    Undefined global functions or variables:
     cutree hclust var
    Consider adding
     importFrom("stats", "cutree", "hclust", "var")
    to your NAMESPACE file.
Flavors: r-devel-linux-x86_64-debian-clang, r-devel-linux-x86_64-debian-gcc, r-devel-linux-x86_64-fedora-clang, r-devel-linux-x86_64-fedora-gcc, r-devel-windows-ix86+x86_64, r-devel-windows-x86_64-gcc10-UCRT, r-patched-linux-x86_64, r-patched-solaris-x86, r-release-linux-x86_64, r-release-macos-x86_64, r-release-windows-ix86+x86_64, r-oldrel-macos-x86_64, r-oldrel-windows-ix86+x86_64

Version: 0.2.6
Check: Rd line widths
Result: NOTE
    Rd file 'stratcc.Rd':
     \usage lines wider than 90 characters:
     stratcc(x, groups, alloc = "Pro", fraction = 0.1, clustering = FALSE, cluster_method = "ward")
    
    These lines will be truncated in the PDF manual.
Flavors: r-devel-linux-x86_64-debian-clang, r-devel-linux-x86_64-debian-gcc, r-devel-linux-x86_64-fedora-clang, r-devel-linux-x86_64-fedora-gcc, r-patched-linux-x86_64, r-release-linux-x86_64