CRAN Package Check Results for Package cbird

Last updated on 2021-09-21 15:50:41 CEST.

Flavor Version Tinstall Tcheck Ttotal Status Flags
r-devel-linux-x86_64-debian-clang 1.0 3.30 21.95 25.25 OK
r-devel-linux-x86_64-debian-gcc 1.0 2.76 17.47 20.23 OK
r-devel-linux-x86_64-fedora-clang 1.0 40.54 NOTE
r-devel-linux-x86_64-fedora-gcc 1.0 30.32 NOTE
r-devel-windows-x86_64 1.0 6.00 26.00 32.00 OK
r-devel-windows-x86_64-gcc10-UCRT 1.0 ERROR
r-patched-linux-x86_64 1.0 3.38 21.59 24.97 OK
r-patched-solaris-x86 1.0 49.70 OK
r-release-linux-x86_64 1.0 3.61 21.43 25.04 OK
r-release-macos-arm64 1.0 OK
r-release-macos-x86_64 1.0 OK
r-release-windows-ix86+x86_64 1.0 10.00 30.00 40.00 OK
r-oldrel-macos-x86_64 1.0 OK
r-oldrel-windows-ix86+x86_64 1.0 9.00 32.00 41.00 OK

Check Details

Version: 1.0
Check: compiled code
Result: NOTE
    File ‘cbird/libs/cbird.so’:
     Found no calls to: ‘R_registerRoutines’, ‘R_useDynamicSymbols’
    
    It is good practice to register native routines and to disable symbol
    search.
    
    See ‘Writing portable packages’ in the ‘Writing R Extensions’ manual.
Flavors: r-devel-linux-x86_64-fedora-clang, r-devel-linux-x86_64-fedora-gcc

Version: 1.0
Check: whether package can be installed
Result: ERROR
    Installation failed.
Flavor: r-devel-windows-x86_64-gcc10-UCRT