CRAN Package Check Results for Package caviarpd

Last updated on 2021-09-21 07:49:57 CEST.

Flavor Version Tinstall Tcheck Ttotal Status Flags
r-devel-linux-x86_64-debian-clang 0.2.17 3.82 24.14 27.96 OK
r-devel-linux-x86_64-debian-gcc 0.2.17 3.29 19.10 22.39 OK
r-devel-linux-x86_64-fedora-clang 0.2.17 289.75 OK
r-devel-linux-x86_64-fedora-gcc 0.2.17 282.84 OK
r-devel-windows-x86_64 0.2.17 8.00 39.00 47.00 OK
r-devel-windows-x86_64-gcc10-UCRT 0.2.17 ERROR
r-patched-linux-x86_64 0.2.17 3.85 23.51 27.36 OK
r-release-linux-x86_64 0.2.17 3.76 23.39 27.15 OK
r-release-macos-arm64 0.2.17 NOTE
r-release-macos-x86_64 0.2.17 NOTE
r-release-windows-ix86+x86_64 0.2.17 14.00 58.00 72.00 OK
r-oldrel-macos-x86_64 0.2.17 NOTE
r-oldrel-windows-ix86+x86_64 0.2.17 14.00 64.00 78.00 OK

Check Details

Version: 0.2.17
Check: whether package can be installed
Result: ERROR
    Installation failed.
Flavor: r-devel-windows-x86_64-gcc10-UCRT

Version: 0.2.17
Check: installed package size
Result: NOTE
     installed size is 6.4Mb
     sub-directories of 1Mb or more:
     libs 6.3Mb
Flavors: r-release-macos-arm64, r-release-macos-x86_64, r-oldrel-macos-x86_64