CRAN Package Check Results for Package catmaply

Last updated on 2021-12-09 07:50:07 CET.

Flavor Version Tinstall Tcheck Ttotal Status Flags
r-devel-linux-x86_64-debian-clang 0.9.0 6.90 133.73 140.63 OK
r-devel-linux-x86_64-debian-gcc 0.9.0 4.91 123.36 128.27 OK
r-devel-linux-x86_64-fedora-clang 0.9.0 199.28 NOTE
r-devel-linux-x86_64-fedora-gcc 0.9.0 196.77 NOTE
r-devel-windows-x86_64-new-UL 0.9.0 31.00 226.00 257.00 NOTE
r-devel-windows-x86_64-new-TK 0.9.0 NOTE
r-devel-windows-x86_64-old 0.9.0 10.00 148.00 158.00 NOTE
r-patched-linux-x86_64 0.9.0 3.96 119.62 123.58 OK
r-release-linux-x86_64 0.9.0 6.74 117.95 124.69 OK
r-release-macos-arm64 0.9.0 NOTE
r-release-macos-x86_64 0.9.0 WARN
r-release-windows-ix86+x86_64 0.9.0 9.00 146.00 155.00 NOTE
r-oldrel-macos-x86_64 0.9.0 WARN
r-oldrel-windows-ix86+x86_64 0.9.0 11.00 146.00 157.00 NOTE

Check Details

Version: 0.9.0
Check: installed package size
Result: NOTE
     installed size is 37.5Mb
     sub-directories of 1Mb or more:
     doc 37.2Mb
Flavors: r-devel-linux-x86_64-fedora-clang, r-devel-windows-x86_64-new-UL, r-devel-windows-x86_64-old, r-release-macos-arm64, r-release-macos-x86_64, r-release-windows-ix86+x86_64, r-oldrel-macos-x86_64, r-oldrel-windows-ix86+x86_64

Version: 0.9.0
Check: dependencies in R code
Result: NOTE
    Namespaces in Imports field not imported from:
     ‘lubridate’ ‘tidyverse’
     All declared Imports should be used.
Flavors: r-devel-linux-x86_64-fedora-clang, r-devel-linux-x86_64-fedora-gcc, r-devel-windows-x86_64-new-TK, r-release-macos-arm64, r-release-macos-x86_64, r-oldrel-macos-x86_64

Version: 0.9.0
Check: re-building of vignette outputs
Result: WARN
    Error(s) in re-building vignettes:
     ...
    --- re-building ‘catmaply.Rmd’ using rmarkdown
    Warning in engine$weave(file, quiet = quiet, encoding = enc) :
     Pandoc (>= 1.12.3) not available. Falling back to R Markdown v1.
    Quitting from lines 111-117 (catmaply.Rmd)
    Error: processing vignette 'catmaply.Rmd' failed with diagnostics:
    invalid 'path' argument
    --- failed re-building ‘catmaply.Rmd’
    
    SUMMARY: processing the following file failed:
     ‘catmaply.Rmd’
    
    Error: Vignette re-building failed.
    Execution halted
Flavor: r-release-macos-x86_64

Version: 0.9.0
Check: re-building of vignette outputs
Result: WARN
    Error(s) in re-building vignettes:
     ...
    --- re-building ‘catmaply.Rmd’ using rmarkdown
    Warning in engine$weave(file, quiet = quiet, encoding = enc) :
     Pandoc (>= 1.12.3) and/or pandoc-citeproc not available. Falling back to R Markdown v1.
    Warning: `arrange_()` is deprecated as of dplyr 0.7.0.
    Please use `arrange()` instead.
    See vignette('programming') for more help
    This warning is displayed once every 8 hours.
    Call `lifecycle::last_warnings()` to see where this warning was generated.
    Warning in normalizePath(f2) :
     path[1]="webshot1004c322efca9.png": No such file or directory
    Warning in file(con, "rb") :
     cannot open file 'webshot1004c322efca9.png': No such file or directory
    Quitting from lines 111-117 (catmaply.Rmd)
    Error: processing vignette 'catmaply.Rmd' failed with diagnostics:
    cannot open the connection
    --- failed re-building ‘catmaply.Rmd’
    
    SUMMARY: processing the following file failed:
     ‘catmaply.Rmd’
    
    Error: Vignette re-building failed.
    Execution halted
Flavor: r-oldrel-macos-x86_64