CRAN Package Check Results for Package catfun

Last updated on 2021-03-05 23:48:39 CET.

Flavor Version Tinstall Tcheck Ttotal Status Flags
r-devel-linux-x86_64-debian-clang 0.1.4 11.68 97.37 109.05 OK
r-devel-linux-x86_64-debian-gcc 0.1.4 8.36 71.69 80.05 OK
r-devel-linux-x86_64-fedora-clang 0.1.4 136.84 NOTE
r-devel-linux-x86_64-fedora-gcc 0.1.4 124.25 NOTE
r-devel-windows-ix86+x86_64 0.1.4 26.00 118.00 144.00 OK
r-patched-linux-x86_64 0.1.4 OK
r-patched-solaris-x86 0.1.4 184.30 NOTE
r-release-linux-x86_64 0.1.4 7.53 88.54 96.07 OK
r-release-macos-x86_64 0.1.4 NOTE
r-release-windows-ix86+x86_64 0.1.4 20.00 86.00 106.00 OK
r-oldrel-macos-x86_64 0.1.4 NOTE
r-oldrel-windows-ix86+x86_64 0.1.4 15.00 83.00 98.00 OK

Check Details

Version: 0.1.4
Check: dependencies in R code
Result: NOTE
    Namespaces in Imports field not imported from:
     ‘broom’ ‘epitools’
     All declared Imports should be used.
Flavors: r-devel-linux-x86_64-fedora-clang, r-devel-linux-x86_64-fedora-gcc, r-patched-solaris-x86, r-release-macos-x86_64, r-oldrel-macos-x86_64