CRAN Package Check Results for Package catenary

Last updated on 2021-02-24 19:48:02 CET.

Flavor Version Tinstall Tcheck Ttotal Status Flags
r-devel-linux-x86_64-debian-clang 1.1.2 3.32 60.96 64.28 OK
r-devel-linux-x86_64-debian-gcc 1.1.2 2.69 45.04 47.73 OK
r-devel-linux-x86_64-fedora-clang 1.1.2 84.46 NOTE
r-devel-linux-x86_64-fedora-gcc 1.1.2 74.24 NOTE
r-devel-windows-ix86+x86_64 1.1.2 6.00 66.00 72.00 OK
r-patched-linux-x86_64 1.1.2 2.82 58.22 61.04 OK
r-patched-solaris-x86 1.1.2 102.90 NOTE
r-release-linux-x86_64 1.1.2 3.07 58.05 61.12 OK
r-release-macos-x86_64 1.1.2 NOTE
r-release-windows-ix86+x86_64 1.1.2 9.00 82.00 91.00 OK
r-oldrel-macos-x86_64 1.1.2 NOTE
r-oldrel-windows-ix86+x86_64 1.1.2 4.00 81.00 85.00 OK

Check Details

Version: 1.1.2
Check: dependencies in R code
Result: NOTE
    Namespace in Imports field not imported from: ‘tidyverse’
     All declared Imports should be used.
Flavors: r-devel-linux-x86_64-fedora-clang, r-devel-linux-x86_64-fedora-gcc, r-patched-solaris-x86, r-release-macos-x86_64, r-oldrel-macos-x86_64