Last updated on 2021-02-28 11:51:48 CET.
Flavor | Version | Tinstall | Tcheck | Ttotal | Status | Flags |
---|---|---|---|---|---|---|
r-devel-linux-x86_64-debian-clang | 0.1.0 | 9.75 | 50.10 | 59.85 | OK | |
r-devel-linux-x86_64-debian-gcc | 0.1.0 | 7.22 | 38.07 | 45.29 | OK | |
r-devel-linux-x86_64-fedora-clang | 0.1.0 | 79.91 | NOTE | |||
r-devel-linux-x86_64-fedora-gcc | 0.1.0 | 76.15 | NOTE | |||
r-devel-windows-ix86+x86_64 | 0.1.0 | 14.00 | 55.00 | 69.00 | OK | |
r-patched-linux-x86_64 | 0.1.0 | 7.82 | 46.84 | 54.66 | OK | |
r-patched-solaris-x86 | 0.1.0 | 96.90 | NOTE | |||
r-release-linux-x86_64 | 0.1.0 | 7.02 | 46.96 | 53.98 | OK | |
r-release-macos-x86_64 | 0.1.0 | NOTE | ||||
r-release-windows-ix86+x86_64 | 0.1.0 | 20.00 | 72.00 | 92.00 | OK | |
r-oldrel-macos-x86_64 | 0.1.0 | NOTE | ||||
r-oldrel-windows-ix86+x86_64 | 0.1.0 | 10.00 | 58.00 | 68.00 | OK |
Version: 0.1.0
Check: dependencies in R code
Result: NOTE
Namespaces in Imports field not imported from:
‘R6’ ‘crayon’ ‘dplyr’ ‘tidyr’
All declared Imports should be used.
Flavors: r-devel-linux-x86_64-fedora-clang, r-devel-linux-x86_64-fedora-gcc, r-patched-solaris-x86, r-release-macos-x86_64, r-oldrel-macos-x86_64